000
CXUS54 KLZK 211131
CF6SRC
PRELIMINARY LOCAL CLIMATOLOGICAL DATA (WS FORM: F-6)

                                          STATION:   Searcy Airport
                                          MONTH:     MAY
                                          YEAR:      2018
                                          LATITUDE:   35 12 N
                                          LONGITUDE:  91 44 W

  TEMPERATURE IN F:       :PCPN:    SNOW:  WIND      :SUNSHINE: SKY     :PK WND
================================================================================
1   2   3   4   5  6A  6B    7    8   9   10  11  12  13   14  15   16   17  18
                                     12Z  AVG MX 2MIN
DY MAX MIN AVG DEP HDD CDD  WTR  SNW DPTH SPD SPD DIR MIN PSBL S-S WX    SPD DR
================================================================================

 1  83  51  67   2   0   2 0.00  0.0    0  7.4 20 160   M    M   2        30 170
 2  86  58  72   7   0   7 0.00  0.0    0  8.0 15 200   M    M   7        21 180
 3  80  66  73   7   0   8 0.24  0.0    0  9.8 17 180   M    M   8        23 180
 4  75  65  70   4   0   5 0.02  0.0    0  4.3  9 200   M    M   8 1       M  M
 5  82  59  71   5   0   6 0.01  0.0    0  4.6 13  10   M    M   4 8      20  99
 6  88  53  71   4   0   6 0.07  0.0    0  2.3 10 340   M    M   0 13      M  M
 7  89  56  73   6   0   8    T  0.0    0  2.1  8 130   M    M   0 13      M  M
 8  90  62  76   9   0  11 0.00  0.0    0  4.5  8 210   M    M   0 8       M  M
 9  88  62  75   7   0  10 0.00  0.0    0  7.4 14 220   M    M   0 1      23 200
10  88  60  74   6   0   9 0.00  0.0    0  4.2 12 200   M    M   0        22 220
11  88  58  73   5   0   8 0.00  0.0    0  7.2 13 180   M    M   0 1      20 200
12  89  65  77   9   0  12 0.00  0.0    0  5.6 13 180   M    M   1        17 180
13  91  62  77   8   0  12 0.00  0.0    0  2.5  8 190   M    M   1 1       M  M
14  92  65  79  10   0  14 0.00  0.0    0  3.6 10 210   M    M   0 1      17 210
15  89  64  77   8   0  12    T  0.0    0  2.3  8 220   M    M   0        16 220
16  91  65  78   8   0  13 0.03  0.0    0  3.1  7  99   M    M   1 3      16  99
17  80  65  73   3   0   8 1.34  0.0    0  6.5 12  30   M    M   6 13      M  M
18  87  62  75   5   0  10 0.00  0.0    0  3.2  8 180   M    M   1 1       M  M
19  92  66  79   8   0  14 0.00  0.0    M  4.2 10 180   M    M   2         M  M
20   M   M   M   M   M   M 0.56    M    0  3.3  8 210   M    M   0 138     M  M
================================================================================
SM 1648 1164         0 175  2.27     0.0  96.1          M       41
================================================================================
AV 86.7 61.3                               4.8 FASTST   M    M   2    MAX(MPH)
                                 MISC ---->  # 20 160               # 30  170
================================================================================
NOTES:
# LAST OF SEVERAL OCCURRENCES

COLUMN 17 PEAK WIND IN M.P.H.

PRELIMINARY LOCAL CLIMATOLOGICAL DATA (WS FORM: F-6) , PAGE 2

                                          STATION:  Searcy Airport
                                          MONTH:    MAY
                                          YEAR:     2018
                                          LATITUDE:   35 12 N
                                          LONGITUDE:  91 44 W

[TEMPERATURE DATA]      [PRECIPITATION DATA]       SYMBOLS USED IN COLUMN 16

AVERAGE MONTHLY: 74.0   TOTAL FOR MONTH:   2.27    1 = FOG OR MIST
DPTR FM NORMAL:   6.0   DPTR FM NORMAL:   -1.58    2 = FOG REDUCING VISIBILITY
HIGHEST:    92 ON 19,14 GRTST 24HR  1.34 ON 17-17      TO 1/4 MILE OR LESS
LOWEST:     51 ON  1                               3 = THUNDER
                        SNOW, ICE PELLETS, HAIL    4 = ICE PELLETS
                        TOTAL MONTH:   0.0 INCH    5 = HAIL
                        GRTST 24HR     0.0         6 = FREEZING RAIN OR DRIZZLE
                        GRTST DEPTH:   0           7 = DUSTSTORM OR SANDSTORM:
                                                       VSBY 1/2 MILE OR LESS
                                                   8 = SMOKE OR HAZE
[NO. OF DAYS WITH]      [WEATHER - DAYS WITH]      9 = BLOWING SNOW
                                                   X = TORNADO
MAX 32 OR BELOW:   0    0.01 INCH OR MORE:   7
MAX 90 OR ABOVE:   5    0.10 INCH OR MORE:   3
MIN 32 OR BELOW:   0    0.50 INCH OR MORE:   2
MIN  0 OR BELOW:   0    1.00 INCH OR MORE:   1

[HDD (BASE 65) ]
TOTAL THIS MO.     0    CLEAR  (SCALE 0-3)  15
DPTR FM NORMAL   -30    PTCLDY (SCALE 4-7)   5
TOTAL FM JUL 1  3185    CLOUDY (SCALE 8-10)  0
DPTR FM NORMAL  -343

[CDD (BASE 65) ]
TOTAL THIS MO.   175
DPTR FM NORMAL    84    [PRESSURE DATA]
TOTAL FM JAN 1   199    HIGHEST SLP M ON M
DPTR FM NORMAL    56    LOWEST  SLP M ON M

[REMARKS]
