000
CXUS53 KMPX 231000
CF6STP
PRELIMINARY LOCAL CLIMATOLOGICAL DATA (WS FORM: F-6)

                                          STATION:   ST PAUL MN
                                          MONTH:     MAY
                                          YEAR:      2018
                                          LATITUDE:   44 55 N
                                          LONGITUDE:  93  4 W

  TEMPERATURE IN F:       :PCPN:    SNOW:  WIND      :SUNSHINE: SKY     :PK WND
================================================================================
1   2   3   4   5  6A  6B    7    8   9   10  11  12  13   14  15   16   17  18
                                     12Z  AVG MX 2MIN
DY MAX MIN AVG DEP HDD CDD  WTR  SNW DPTH SPD SPD DIR MIN PSBL S-S WX    SPD DR
================================================================================

 1  71  57  64   9   1   0 0.27    M    M  8.1 20 270   M    M   5 13     28 240
 2  68  48  58   2   7   0 0.02    M    M  6.7 14 330   M    M   4 1      18 310
 3  75  53  64   8   1   0    T    M    M  3.4 13 170   M    M   5        16 160
 4  77  51  64   8   1   0 0.00    M    M 11.2 30 330   M    M   1        36 330
 5  81  52  67  10   0   2 0.10    M    M  5.4 37 320   M    M   2 3      48 330
 6  75  50  63   6   2   0 0.00    M    M  6.5 20 360   M    M   1        27 360
 7  85  54  70  13   0   5 0.00    M    M  8.0 20 260   M    M   2        27 280
 8  70  58  64   6   1   0 0.12    M    M  7.6 22 180   M    M   5        31 190
 9  63  52  58   0   7   0 0.29    M    M  6.8 26 130   M    M   6 1      39 130
10  59  44  52  -6  13   0 0.00    M    M  7.9 20 340   M    M   3        27 330
11  53  47  50  -9  15   0 0.00    M    M  8.3 17  90   M    M   7        24 110
12  61  45  53  -6  12   0    T    M    M  4.8 15  80   M    M   4        19 110
13  70  43  57  -2   8   0 0.00    M    M  4.3 13 120   M    M   2 1      16 140
14  75  53  64   4   1   0 0.15    M    M  2.5 15 320   M    M   6 1      20 320
15  77  51  64   4   1   0 0.00    M    M  3.9 10 270   M    M   1 128    16  60
16  86  50  68   8   0   3 0.00  0.0    0  4.9 17 290   M    M   1 8      29 280
17  84  59  72  12   0   7 0.00    M    M  7.8 18 140   M    M   1        24 120
18  82  56  69   8   0   4 0.27    M    M 11.1 20 160   M    M   1        26 160
19  71  50  61   0   4   0 0.02    M    M 12.0 22  30   M    M   9 18     33  30
20  72  45  59  -2   6   0 0.00    M    M  7.7 16  60   M    M   1        23  70
21  69  58  64   2   1   0 0.00    M    M  7.0 16 130   M    M  10        20 120
22  74  57  66   4   0   1 0.00    M    M  5.6 10 140   M    M   6 18     13 170
================================================================================
SM 1598 1133        81  22  1.24     0.0 151.5          M       83
================================================================================
AV 72.6 51.5                               6.9 FASTST   M    M   4    MAX(MPH)
                                 MISC ---->  # 37 320               # 48  330
================================================================================
NOTES:
# LAST OF SEVERAL OCCURRENCES

COLUMN 17 PEAK WIND IN M.P.H.

PRELIMINARY LOCAL CLIMATOLOGICAL DATA (WS FORM: F-6) , PAGE 2

                                          STATION:  ST PAUL MN
                                          MONTH:    MAY
                                          YEAR:     2018
                                          LATITUDE:   44 55 N
                                          LONGITUDE:  93  4 W

[TEMPERATURE DATA]      [PRECIPITATION DATA]       SYMBOLS USED IN COLUMN 16

AVERAGE MONTHLY: 62.1   TOTAL FOR MONTH:   1.24    1 = FOG OR MIST
DPTR FM NORMAL:   3.3   DPTR FM NORMAL:   -0.85    2 = FOG REDUCING VISIBILITY
HIGHEST:    86 ON 16    GRTST 24HR  0.29 ON  9- 9      TO 1/4 MILE OR LESS
LOWEST:     43 ON 13                               3 = THUNDER
                        SNOW, ICE PELLETS, HAIL    4 = ICE PELLETS
                        TOTAL MONTH:   0.0 INCH    5 = HAIL
                        GRTST 24HR     0.0         6 = FREEZING RAIN OR DRIZZLE
                        GRTST DEPTH:   0           7 = DUSTSTORM OR SANDSTORM:
                                                       VSBY 1/2 MILE OR LESS
                                                   8 = SMOKE OR HAZE
[NO. OF DAYS WITH]      [WEATHER - DAYS WITH]      9 = BLOWING SNOW
                                                   X = TORNADO
MAX 32 OR BELOW:   0    0.01 INCH OR MORE:   8
MAX 90 OR ABOVE:   0    0.10 INCH OR MORE:   6
MIN 32 OR BELOW:   0    0.50 INCH OR MORE:   0
MIN  0 OR BELOW:   0    1.00 INCH OR MORE:   0

[HDD (BASE 65) ]
TOTAL THIS MO.    81    CLEAR  (SCALE 0-3)  10
DPTR FM NORMAL   -80    PTCLDY (SCALE 4-7)  10
TOTAL FM JUL 1  7680    CLOUDY (SCALE 8-10)  2
DPTR FM NORMAL   451

[CDD (BASE 65) ]
TOTAL THIS MO.    22
DPTR FM NORMAL    -2    [PRESSURE DATA]
TOTAL FM JAN 1    25    HIGHEST SLP M ON M
DPTR FM NORMAL    -2    LOWEST  SLP 29.54 ON  1

[REMARKS]
