000
CXUS52 KMFL 241030
CF6TMB
PRELIMINARY LOCAL CLIMATOLOGICAL DATA (WS FORM: F-6)
STATION: KENDALL-TAMIAMI EXEC ARPT
MONTH: APRIL
YEAR: 2024
LATITUDE: 25 38 N
LONGITUDE: 80 26 W
TEMPERATURE IN F: :PCPN: SNOW: WIND :SUNSHINE: SKY :PK WND
================================================================================
1 2 3 4 5 6A 6B 7 8 9 10 11 12 13 14 15 16 17 18
12Z AVG MX 2MIN
DY MAX MIN AVG DEP HDD CDD WTR SNW DPTH SPD SPD DIR MIN PSBL S-S WX SPD DR
================================================================================
1 83 61 72 -1 0 7 0.00 M M 5.6 14 120 M M 3 20 140
2 87 65 76 3 0 11 0.00 0.0 0 6.3 16 120 M M 2 27 160
3 89 74 82 9 0 17 T 0.0 0 11.2 23 230 M M 3 38 190
4 80 62 71 -3 0 6 0.25 0.0 0 9.0 24 320 M M 6 13 31 320
5 80 59 70 -4 0 5 0.00 0.0 0 7.5 16 310 M M 0 24 330
6 82 53 68 -6 0 3 0.00 0.0 0 7.5 17 310 M M 0 26 320
7 81 57 69 -5 0 4 0.00 0.0 0 8.2 18 90 M M 3 24 90
8 80 60 70 -4 0 5 0.00 0.0 0 11.8 23 80 M M 5 32 100
9 82 72 77 3 0 12 0.00 0.0 0 14.3 22 100 M M 8 31 110
10 84 72 78 4 0 13 0.00 M M 11.7 18 130 M M 3 26 150
11 88 75 82 8 0 17 T M M 11.6 22 240 M M 5 37 190
12 83 65 74 -1 0 9 0.00 M M 8.3 21 350 M M 2 26 350
13 M M M M M M 0.00 0.0 0 9.6 17 30 M M 0 24 40
14 81 66 74 -1 0 9 0.00 M M 8.1 18 100 M M 0 26 100
15 82 59 71 -4 0 6 0.00 M M 8.1 17 100 M M 0 24 100
16 84 60 72 -3 0 7 0.00 M M 8.9 21 100 M M 2 34 100
17 83 67 75 0 0 10 0.00 0.0 0 10.5 20 100 M M 2 26 90
18 85 64 75 0 0 10 0.00 0.0 0 7.5 17 100 M M 2 25 120
19 86 65 76 0 0 11 0.00 0.0 0 4.6 14 120 M M 1 21 90
20 87 65 76 0 0 11 0.00 0.0 0 4.5 15 130 M M 0 19 150
21 89 67 78 2 0 13 0.00 M M 5.1 14 260 M M 1 21 190
22 87 68 78 2 0 13 0.44 0.0 0 6.4 24 310 M M 5 13 31 320
23 82 64 73 -3 0 8 0.00 0.0 0 10.7 20 90 M M 5 26 100
================================================================================
SM 1845 1420 0 207 0.69 0.0 197.0 M 58
================================================================================
AV 83.9 64.5 8.6 FASTST M M 3 MAX(MPH)
MISC ----> # 24 320 38 190
================================================================================
NOTES:
# LAST OF SEVERAL OCCURRENCES
COLUMN 17 PEAK WIND IN M.P.H.
PRELIMINARY LOCAL CLIMATOLOGICAL DATA (WS FORM: F-6) , PAGE 2
STATION: KENDALL-TAMIAMI EXEC ARPT
MONTH: APRIL
YEAR: 2024
LATITUDE: 25 38 N
LONGITUDE: 80 26 W
[TEMPERATURE DATA] [PRECIPITATION DATA] SYMBOLS USED IN COLUMN 16
AVERAGE MONTHLY: 74.2 TOTAL FOR MONTH: 0.69 1 = FOG OR MIST
DPTR FM NORMAL: -0.4 DPTR FM NORMAL: -1.33 2 = FOG REDUCING VISIBILITY
HIGHEST: 89 ON 21, 3 GRTST 24HR 0.44 ON 22-22 TO 1/4 MILE OR LESS
LOWEST: 53 ON 6 3 = THUNDER
SNOW, ICE PELLETS, HAIL 4 = ICE PELLETS
TOTAL MONTH: 0.0 INCH 5 = HAIL
GRTST 24HR 0.0 6 = FREEZING RAIN OR DRIZZLE
GRTST DEPTH: 0 7 = DUSTSTORM OR SANDSTORM:
VSBY 1/2 MILE OR LESS
8 = SMOKE OR HAZE
[NO. OF DAYS WITH] [WEATHER - DAYS WITH] 9 = BLOWING SNOW
X = TORNADO
MAX 32 OR BELOW: 0 0.01 INCH OR MORE: 2
MAX 90 OR ABOVE: 0 0.10 INCH OR MORE: 2
MIN 32 OR BELOW: 0 0.50 INCH OR MORE: 0
MIN 0 OR BELOW: 0 1.00 INCH OR MORE: 0
[HDD (BASE 65) ]
TOTAL THIS MO. 0 CLEAR (SCALE 0-3) 17
DPTR FM NORMAL 0 PTCLDY (SCALE 4-7) 5
TOTAL FM JUL 1 90 CLOUDY (SCALE 8-10) 1
DPTR FM NORMAL -63
[CDD (BASE 65) ]
TOTAL THIS MO. 207
DPTR FM NORMAL -14 [PRESSURE DATA]
TOTAL FM JAN 1 768 HIGHEST SLP M ON M
DPTR FM NORMAL 66 LOWEST SLP 29.75 ON 3
[REMARKS]