000
CXUS55 KCYS 241000
CF6TOR
PRELIMINARY LOCAL CLIMATOLOGICAL DATA (WS FORM: F-6)

                                          STATION:   TORRINGTON WY AIRPORT
                                          MONTH:     MAY
                                          YEAR:      2018
                                          LATITUDE:   42  3 N
                                          LONGITUDE: 104  9 W

  TEMPERATURE IN F:       :PCPN:    SNOW:  WIND      :SUNSHINE: SKY     :PK WND
================================================================================
1   2   3   4   5  6A  6B    7    8   9   10  11  12  13   14  15   16   17  18
                                     12Z  AVG MX 2MIN
DY MAX MIN AVG DEP HDD CDD  WTR  SNW DPTH SPD SPD DIR MIN PSBL S-S WX    SPD DR
================================================================================

 1  57  34  46  -6  19   0 0.08    M    M  6.0 25 290   M    M   5 12     32 290
 2  54  36  45  -7  20   0 0.15    M    M  3.5  9 160   M    M   7 1      13 160
 3  63  42  53   0  12   0 0.14    M    M  7.9 21  50   M    M   8 1      28  10
 4  74  37  56   3   9   0 0.00    M    M  6.9 13 260   M    M   0 8      17 250
 5  77  42  60   7   5   0    T    M    M  6.2 30 240   M    M   1        37 280
 6  78  44  61   7   4   0 0.00    M    M  7.9 21 140   M    M   1        27 140
 7  86  48  67  13   0   2 0.00    M    M  9.4 37  20   M    M   0        47  20
 8  78  46  62   8   3   0    T    M    M  9.5 20 330   M    M   2        28 330
 9  81  41  61   7   4   0 0.04    M    M  6.5 22  70   M    M   1 3      27  80
10  74  47  61   6   4   0    T    M    M 10.4 32  20   M    M   2        39  20
11  58  44  51  -4  14   0 0.11    M    M  9.9 29  40   M    M  10 13     35 160
12  53  43  48  -7  17   0 0.15    M    M  9.3 18  60   M    M  10 1      22  60
13  68  46  57   1   8   0 0.06    M    M  5.6 17  80   M    M   9 3      21 330
14  67  43  55  -1  10   0 0.05    M    M  5.5 23 260   M    M   6 123    30 260
15  74  38  56   0   9   0 0.00    M    M  4.5 14 170   M    M   1 12     19 140
16  83  45  64   7   1   0 0.00    M    M  7.6 18 150   M    M   0        24 140
17  86  53  70  13   0   5 0.00    M    M 14.4 31  30   M    M   0 3      39  30
18  72  49  61   4   4   0 0.74    M    M 10.7 33  40   M    M   7 13     42  40
19  51  42  47 -11  18   0 2.49    M    M 15.0 33  20   M    M  10 1      43  40
20  63  39  51  -7  14   0 0.00    M    M  7.9 16 130   M    M   5        21 140
21  77  42  60   2   5   0    T    M    M  8.0 15 100   M    M   0        21  10
22  81  49  65   7   0   0 0.08    M    M 10.3 37 190   M    M   1 3      44 190
23  78  48  63   4   2   0 0.04    M    M  6.2 25 150   M    M   2 123    31 140
================================================================================
SM 1633  998       182   7  4.13    M    189.1          M       88
================================================================================
AV 71.0 43.4                               8.2 FASTST   M    M   4    MAX(MPH)
                                 MISC ---->  # 37  20               # 47   20
================================================================================
NOTES:
# LAST OF SEVERAL OCCURRENCES

COLUMN 17 PEAK WIND IN M.P.H.

PRELIMINARY LOCAL CLIMATOLOGICAL DATA (WS FORM: F-6) , PAGE 2

                                          STATION:  TORRINGTON WY AIRPORT
                                          MONTH:    MAY
                                          YEAR:     2018
                                          LATITUDE:   42  3 N
                                          LONGITUDE: 104  9 W

[TEMPERATURE DATA]      [PRECIPITATION DATA]       SYMBOLS USED IN COLUMN 16

AVERAGE MONTHLY: 57.2   TOTAL FOR MONTH:   4.13    1 = FOG OR MIST
DPTR FM NORMAL:   1.8   DPTR FM NORMAL:    2.54    2 = FOG REDUCING VISIBILITY
HIGHEST:    86 ON 17, 7 GRTST 24HR  2.49 ON 19-19      TO 1/4 MILE OR LESS
LOWEST:     34 ON  1                               3 = THUNDER
                        SNOW, ICE PELLETS, HAIL    4 = ICE PELLETS
                        TOTAL MONTH:    M          5 = HAIL
                        GRTST 24HR    M  ON   M    6 = FREEZING RAIN OR DRIZZLE
                        GRTST DEPTH:  M  ON   M    7 = DUSTSTORM OR SANDSTORM:
                                                       VSBY 1/2 MILE OR LESS
                                                   8 = SMOKE OR HAZE
[NO. OF DAYS WITH]      [WEATHER - DAYS WITH]      9 = BLOWING SNOW
                                                   X = TORNADO
MAX 32 OR BELOW:   0    0.01 INCH OR MORE:  12
MAX 90 OR ABOVE:   0    0.10 INCH OR MORE:   6
MIN 32 OR BELOW:   0    0.50 INCH OR MORE:   2
MIN  0 OR BELOW:   0    1.00 INCH OR MORE:   1

[HDD (BASE 65) ]
TOTAL THIS MO.   182    CLEAR  (SCALE 0-3)  13
DPTR FM NORMAL   -49    PTCLDY (SCALE 4-7)   6
TOTAL FM JUL 1  6417    CLOUDY (SCALE 8-10)  4
DPTR FM NORMAL   -46

[CDD (BASE 65) ]
TOTAL THIS MO.     7
DPTR FM NORMAL     6    [PRESSURE DATA]
TOTAL FM JAN 1     7    HIGHEST SLP  0.00 ON  8
DPTR FM NORMAL     5    LOWEST  SLP  0.00 ON  8

[REMARKS]
