000
CXUS56 KLKN 261009
CF6TPH
PRELIMINARY LOCAL CLIMATOLOGICAL DATA (WS FORM: F-6)

                                          STATION:   TONOPAH AIRPORT NV
                                          MONTH:     APRIL
                                          YEAR:      2018
                                          LATITUDE:   38  3 N
                                          LONGITUDE: 117  5 W

  TEMPERATURE IN F:       :PCPN:    SNOW:  WIND      :SUNSHINE: SKY     :PK WND
================================================================================
1   2   3   4   5  6A  6B    7    8   9   10  11  12  13   14  15   16   17  18
                                     12Z  AVG MX 2MIN
DY MAX MIN AVG DEP HDD CDD  WTR  SNW DPTH SPD SPD DIR MIN PSBL S-S WX    SPD DR
================================================================================

 1  73  37  55   9  10   0 0.00    M    M  7.0 20 240   M    M   0        23  10
 2  69  38  54   8  11   0 0.00    M    M 12.5 33 350   M    M   0        43 360
 3  65  31  48   2  17   0 0.00    M    M  6.8 21 360   M    M   0        23  10
 4  70  37  54   8  11   0 0.00    M    M  7.6 15  20   M    M   1        23 280
 5  71  51  61  14   4   0 0.00    M    M  9.1 28 340   M    M   6        35 330
 6  68  53  61  14   4   0    T    M    M 10.8 26 340   M    M   9        32 340
 7  75  42  59  12   6   0    T    M    M 11.9 37 300   M    M   4        47 310
 8  66  34  50   3  15   0 0.00    M    M 13.8 28 340   M    M   0        35 340
 9  70  34  52   4  13   0 0.00    M    M  6.8 17  10   M    M   0        19  10
10  75  41  58  10   7   0 0.00    M    M  9.6 25 210   M    M   1        31 210
11  79  42  61  13   4   0 0.00    M    M 15.1 32 210   M    M   0        39 210
12  50  34  42  -6  23   0 0.00    M    M 22.5 40 340   M    M   0        48 340
13  60  31  46  -3  19   0 0.00    M    M 15.4 25 330   M    M   0        34 320
14  69  30  50   1  15   0 0.00    M    M  7.8 17 190   M    M   0        22 180
15  71  41  56   7   9   0 0.00    M    M 13.1 31 180   M    M   0        41 210
16  54  32  43  -6  22   0    T    M    M 17.1 30  20   M    M   5 18     40  10
17  52  29  41  -9  24   0    T    M    M 12.5 30 330   M    M   1 1      37 320
18  60  26  43  -7  22   0 0.00    M    M 14.0 28 160   M    M   1        34 170
19  48  33  41  -9  24   0    T    M    M 24.2 39 330   M    M   8 12     46 320
20  67  38  53   2  12   0 0.00    M    M 18.8 32 360   M    M   0        40 320
21  75  33  54   3  11   0 0.00    M    M  6.9 15 360   M    M   0        16 360
22  79  42  61  10   4   0 0.00    M    M  9.0 16 330   M    M   0        22 230
23  75  44  60   8   5   0 0.00    M    M  9.3 17 360   M    M   0        21 350
24  77  46  62  10   3   0 0.00    M    M  9.1 20  20   M    M   0        23  10
25  81  47  64  12   1   0 0.00    M    M  7.3 15  10   M    M   0        20 200
================================================================================
SM 1699  946       296   0    T     M    298.0          M       36
================================================================================
AV 68.0 37.8                              11.9 FASTST   M    M   1    MAX(MPH)
                                 MISC ---->  # 40 340               # 48  340
================================================================================
NOTES:
# LAST OF SEVERAL OCCURRENCES

COLUMN 17 PEAK WIND IN M.P.H.

PRELIMINARY LOCAL CLIMATOLOGICAL DATA (WS FORM: F-6) , PAGE 2

                                          STATION:  TONOPAH AIRPORT NV
                                          MONTH:    APRIL
                                          YEAR:     2018
                                          LATITUDE:   38  3 N
                                          LONGITUDE: 117  5 W

[TEMPERATURE DATA]      [PRECIPITATION DATA]       SYMBOLS USED IN COLUMN 16

AVERAGE MONTHLY: 52.9   TOTAL FOR MONTH:      T    1 = FOG OR MIST
DPTR FM NORMAL:   4.1   DPTR FM NORMAL:   -0.35    2 = FOG REDUCING VISIBILITY
HIGHEST:    81 ON 25    GRTST 24HR    T  ON 19-19      TO 1/4 MILE OR LESS
LOWEST:     26 ON 18                               3 = THUNDER
                        SNOW, ICE PELLETS, HAIL    4 = ICE PELLETS
                        TOTAL MONTH:    M          5 = HAIL
                        GRTST 24HR    M  ON   M    6 = FREEZING RAIN OR DRIZZLE
                        GRTST DEPTH:  M  ON   M    7 = DUSTSTORM OR SANDSTORM:
                                                       VSBY 1/2 MILE OR LESS
                                                   8 = SMOKE OR HAZE
[NO. OF DAYS WITH]      [WEATHER - DAYS WITH]      9 = BLOWING SNOW
                                                   X = TORNADO
MAX 32 OR BELOW:   0    0.01 INCH OR MORE:   0
MAX 90 OR ABOVE:   0    0.10 INCH OR MORE:   0
MIN 32 OR BELOW:   6    0.50 INCH OR MORE:   0
MIN  0 OR BELOW:   0    1.00 INCH OR MORE:   0

[HDD (BASE 65) ]
TOTAL THIS MO.   296    CLEAR  (SCALE 0-3)  20
DPTR FM NORMAL  -110    PTCLDY (SCALE 4-7)   4
TOTAL FM JUL 1  4600    CLOUDY (SCALE 8-10)  1
DPTR FM NORMAL  -533

[CDD (BASE 65) ]
TOTAL THIS MO.     0
DPTR FM NORMAL     0    [PRESSURE DATA]
TOTAL FM JAN 1     0    HIGHEST SLP M ON M
DPTR FM NORMAL     0    LOWEST  SLP 29.49 ON 11

[REMARKS]
