000
CDUS43 KUNR 220833
CLI2WX


CLIMATE REPORT
NATIONAL WEATHER SERVICE RAPID CITY SD
231 AM MDT SUN APR 22 2018


...................................

...THE BUFFALO SD CLIMATE SUMMARY FOR APRIL 21 2018...

CLIMATE NORMAL PERIOD 1981 TO 2010
CLIMATE RECORD PERIOD 9999 TO 9999


WEATHER ITEM   OBSERVED TIME   NORMAL DEPARTURE LAST
                VALUE   (LST)  VALUE  FROM      YEAR
                                      NORMAL
......................................................
TEMPERATURE (F)
 YESTERDAY
  MAXIMUM         62    310 PM  58      4       61
  MINIMUM         39    619 AM  33      6       36
  AVERAGE         51            45      6       49

PRECIPITATION (IN)
  YESTERDAY        0.00          0.05  -0.05     0.00
  MONTH TO DATE    1.18          0.93   0.25     3.18
  SINCE MAR 1      2.36          1.70   0.66     4.69
  SINCE JAN 1      3.84          2.27   1.57     4.99

DEGREE DAYS
 HEATING
  YESTERDAY       14            20     -6       16
  MONTH TO DATE  682           489    193      373
  SINCE MAR 1   1838          1495    343     1213
  SINCE JUL 1   7773          7292    481     6564

 COOLING
  YESTERDAY        0             0      0        0
  MONTH TO DATE    0             0      0        0
  SINCE MAR 1      0             0      0        0
  SINCE JAN 1      0             0      0        0
......................................................


WIND (MPH)
  HIGHEST WIND SPEED    30   HIGHEST WIND DIRECTION     S (160)
  HIGHEST GUST SPEED    37   HIGHEST GUST DIRECTION    SE (150)
  AVERAGE WIND SPEED    18.0




RELATIVE HUMIDITY (PERCENT)
 HIGHEST    86          1200 AM
 LOWEST     36           100 PM
 AVERAGE    61

..........................................................




SUNRISE AND SUNSET
APRIL 22 2018.........SUNRISE   556 AM MDT   SUNSET   750 PM MDT
APRIL 23 2018.........SUNRISE   555 AM MDT   SUNSET   751 PM MDT


-  INDICATES NEGATIVE NUMBERS.
R  INDICATES RECORD WAS SET OR TIED.
MM INDICATES DATA IS MISSING.
T  INDICATES TRACE AMOUNT.




$$
