000
CDUS41 KPHI 190554
CLIABE


CLIMATE REPORT
NATIONAL WEATHER SERVICE MOUNT HOLLY NJ
154 AM EDT THU APR 19 2018


...................................

...THE ALLENTOWN PA CLIMATE SUMMARY FOR APRIL 18 2018...

CLIMATE NORMAL PERIOD 1981 TO 2010
CLIMATE RECORD PERIOD 1922 TO 2018


WEATHER ITEM   OBSERVED TIME   RECORD YEAR NORMAL DEPARTURE LAST
                VALUE   (LST)  VALUE       VALUE  FROM      YEAR
                                                  NORMAL
..................................................................
TEMPERATURE (F)
 YESTERDAY
  MAXIMUM         53    517 PM  93    1976  62     -9       70
  MINIMUM         36   1223 AM  25    1948  39     -3       43
  AVERAGE         45                        51     -6       57

PRECIPITATION (IN)
  YESTERDAY        0.00          1.22 1949   0.11  -0.11     0.00
  MONTH TO DATE    2.45                      2.16   0.29     1.74
  SINCE MAR 1      5.68                      5.55   0.13     7.00
  SINCE JAN 1     14.35                     11.28   3.07    12.09

SNOWFALL (IN)
  YESTERDAY        0.0           0.9  1983   0.0    0.0      0.0
  MONTH TO DATE    3.9                       0.8    3.1      0.0
  SINCE MAR 1     24.6                       5.7   18.9     18.3
  SINCE JUL 1     49.9                      32.7   17.2     28.3
  SNOW DEPTH       0

DEGREE DAYS
 HEATING
  YESTERDAY       20                        14      6        8
  MONTH TO DATE  366                       310     56      178
  SINCE MAR 1   1209                      1113     96     1013
  SINCE JUL 1   5032                      5422   -390     4515

 COOLING
  YESTERDAY        0                         0      0        0
  MONTH TO DATE    4                         0      4        2
  SINCE MAR 1      4                         0      4        2
  SINCE JAN 1      4                         0      4        2
..................................................................


WIND (MPH)
  HIGHEST WIND SPEED    20   HIGHEST WIND DIRECTION     W (250)
  HIGHEST GUST SPEED    25   HIGHEST GUST DIRECTION     W (260)
  AVERAGE WIND SPEED     9.2


SKY COVER
  POSSIBLE SUNSHINE  MM
  AVERAGE SKY COVER 0.6


WEATHER CONDITIONS
 THE FOLLOWING WEATHER WAS RECORDED YESTERDAY.
  NO SIGNIFICANT WEATHER WAS OBSERVED.


RELATIVE HUMIDITY (PERCENT)
 HIGHEST    60          1000 PM
 LOWEST     38           500 PM
 AVERAGE    49

..........................................................


THE ALLENTOWN PA CLIMATE NORMALS FOR TODAY
                         NORMAL    RECORD    YEAR
 MAXIMUM TEMPERATURE (F)   63        91      1976
 MINIMUM TEMPERATURE (F)   40        26      2001


SUNRISE AND SUNSET
APRIL 19 2018.........SUNRISE   617 AM EDT   SUNSET   745 PM EDT
APRIL 20 2018.........SUNRISE   616 AM EDT   SUNSET   746 PM EDT


-  INDICATES NEGATIVE NUMBERS.
R  INDICATES RECORD WAS SET OR TIED.
MM INDICATES DATA IS MISSING.
T  INDICATES TRACE AMOUNT.




$$
