000
CDUS41 KPHI 212132
CLIACY


CLIMATE REPORT
NATIONAL WEATHER SERVICE MOUNT HOLLY NJ
530 PM EDT SAT APR 21 2018


...................................

...THE ATLANTIC CITY NJ CLIMATE SUMMARY FOR APRIL 21 2018...
VALID TODAY AS OF 0500 PM LOCAL TIME.

CLIMATE NORMAL PERIOD 1981 TO 2010
CLIMATE RECORD PERIOD 1874 TO 2018


WEATHER ITEM   OBSERVED TIME   RECORD YEAR NORMAL DEPARTURE LAST
                VALUE   (LST)  VALUE       VALUE  FROM      YEAR
                                                  NORMAL
..................................................................
TEMPERATURE (F)
 TODAY
  MAXIMUM         63    318 PM  84    1985  64     -1       65
  MINIMUM         32    459 AM  25    1981  44    -12       51
  AVERAGE         48                        54     -6       58

PRECIPITATION (IN)
  TODAY            0.00          1.27 1991   0.11  -0.11     0.07
  MONTH TO DATE    2.55                      2.66  -0.11     1.24
  SINCE MAR 1      7.88                      6.87   1.01     6.86
  SINCE JAN 1     17.60                     12.96   4.64    12.41

SNOWFALL (IN)
  TODAY            0.0           T    1928   0.0    0.0      0.0
  MONTH TO DATE    T                         0.3   -0.3      0.0
  SINCE MAR 1      9.6                       1.4    8.2      0.2
  SINCE JUL 1     34.1                      16.5   17.6      7.7
  SNOW DEPTH       0

DEGREE DAYS
 HEATING
  TODAY           17                        12      5        7
  MONTH TO DATE  360                       313     47      193
  SINCE MAR 1   1131                      1019    112      912
  SINCE JUL 1   4369                      4610   -241     3908

 COOLING
  TODAY            0                         0      0        0
  MONTH TO DATE    6                         0      6       10
  SINCE MAR 1      6                         0      6       10
  SINCE JAN 1      6                         0      6       10
..................................................................


WIND (MPH)
  HIGHEST WIND SPEED    17   HIGHEST WIND DIRECTION    NW (310)
  HIGHEST GUST SPEED    23   HIGHEST GUST DIRECTION     N (340)
  AVERAGE WIND SPEED     8.0


SKY COVER
  POSSIBLE SUNSHINE  MM
  AVERAGE SKY COVER 0.0


WEATHER CONDITIONS
 THE FOLLOWING WEATHER WAS RECORDED TODAY.
  NO SIGNIFICANT WEATHER WAS OBSERVED.


RELATIVE HUMIDITY (PERCENT)
 HIGHEST    72           500 AM
 LOWEST     25           300 PM
 AVERAGE    49

..........................................................


THE ATLANTIC CITY NJ CLIMATE NORMALS FOR TOMORROW
                         NORMAL    RECORD    YEAR
 MAXIMUM TEMPERATURE (F)   64        90      1985
 MINIMUM TEMPERATURE (F)   44        26      1875


SUNRISE AND SUNSET
APRIL 21 2018.........SUNRISE   613 AM EDT   SUNSET   742 PM EDT
APRIL 22 2018.........SUNRISE   611 AM EDT   SUNSET   743 PM EDT


-  INDICATES NEGATIVE NUMBERS.
R  INDICATES RECORD WAS SET OR TIED.
MM INDICATES DATA IS MISSING.
T  INDICATES TRACE AMOUNT.




$$
