000
CDUS42 KFFC 210032
CLIAHN


CLIMATE REPORT
NATIONAL WEATHER SERVICE PEACHTREE CITY GA
832 PM EDT SUN MAY 20 2018


...................................

...THE ATHENS CLIMATE SUMMARY FOR MAY 20 2018...
VALID AS OF 0800 PM LOCAL TIME.

CLIMATE NORMAL PERIOD 1981 TO 2010
CLIMATE RECORD PERIOD 1898 TO 2018


WEATHER ITEM   OBSERVED TIME   RECORD YEAR NORMAL DEPARTURE LAST
                VALUE   (LST)  VALUE       VALUE  FROM      YEAR
                                                  NORMAL
..................................................................
TEMPERATURE (F)
 TODAY
  MAXIMUM         86    322 PM  96    1941  83      3       91
                                      1927
  MINIMUM         66    609 AM  46    1968  60      6       65
  AVERAGE         76                        71      5       78

PRECIPITATION (IN)
  TODAY            0.55          3.67 1980   0.09   0.46     0.50
  MONTH TO DATE    3.51                      1.96   1.55     1.50
  SINCE MAR 1     12.18                      9.54   2.64    12.67
  SINCE JAN 1     22.59                     18.07   4.52    20.37

SNOWFALL (IN)
  TODAY            0.0           0.0  2002   0.0    0.0      0.0
                                      2001
                                      2000
  MONTH TO DATE    0.0                       0.0    0.0      0.0
  SINCE MAR 1      0.0                       0.8   -0.8      0.0
  SINCE JUL 1      1.1                       2.9   -1.8      0.0
  SNOW DEPTH       0

DEGREE DAYS
 HEATING
  TODAY            0                         0      0        0
  MONTH TO DATE    2                        25    -23       23
  SINCE MAR 1    575                       513     62      364
  SINCE JUL 1   2581                      2768   -187     1888

 COOLING
  TODAY           11                         7      4       13
  MONTH TO DATE  148                        93     55      121
  SINCE MAR 1    162                       150     12      277
  SINCE JAN 1    196                       151     45      286
..................................................................


WIND (MPH)
  HIGHEST WIND SPEED    10   HIGHEST WIND DIRECTION    NW (310)
  HIGHEST GUST SPEED    19   HIGHEST GUST DIRECTION    NW (300)
  AVERAGE WIND SPEED     0.6


SKY COVER
  AVERAGE SKY COVER 0.4


WEATHER CONDITIONS
 THE FOLLOWING WEATHER WAS RECORDED TODAY.
  THUNDERSTORM
  HEAVY RAIN
  LIGHT RAIN
  FOG
  FOG W/VISIBILITY <= 1/4 MILE


RELATIVE HUMIDITY (PERCENT)
 HIGHEST   100          1200 AM
 LOWEST     65           200 PM

..........................................................


THE ATHENS CLIMATE NORMALS FOR TOMORROW
                         NORMAL    RECORD    YEAR
 MAXIMUM TEMPERATURE (F)   83        98      1933
 MINIMUM TEMPERATURE (F)   60        44      1954


SUNRISE AND SUNSET
MAY 20 2018...........SUNRISE   629 AM EDT   SUNSET   831 PM EDT
MAY 21 2018...........SUNRISE   628 AM EDT   SUNSET   832 PM EDT


-  INDICATES NEGATIVE NUMBERS.
R  INDICATES RECORD WAS SET OR TIED.
MM INDICATES DATA IS MISSING.
T  INDICATES TRACE AMOUNT.




$$
