000
CDUS41 KALY 220626
CLIALB


CLIMATE REPORT
NATIONAL WEATHER SERVICE ALBANY NY
225 AM EDT SUN APR 22 2018


...................................

...THE ALBANY NY CLIMATE SUMMARY FOR APRIL 21 2018...

CLIMATE NORMAL PERIOD 1981 TO 2010
CLIMATE RECORD PERIOD 1874 TO 2018


WEATHER ITEM   OBSERVED TIME   RECORD YEAR NORMAL DEPARTURE LAST
                VALUE   (LST)  VALUE       VALUE  FROM      YEAR
                                                  NORMAL
..................................................................
TEMPERATURE (F)
 YESTERDAY
  MAXIMUM         60    258 PM  89    1923  61     -1       57
  MINIMUM         34    525 AM  20    1875  39     -5       47
  AVERAGE         47                        50     -3       52

PRECIPITATION (IN)
  YESTERDAY        0.00          1.58 1991   0.09  -0.09     0.47
  MONTH TO DATE    2.21                      2.23  -0.02     2.61
  SINCE MAR 1      5.27                      5.44  -0.17     6.68
  SINCE JAN 1     10.74                     10.23   0.51    12.66

SNOWFALL (IN)
  YESTERDAY        0.0           0.6  1947   0.0    0.0      0.0
  MONTH TO DATE    2.4                       2.0    0.4      0.2
  SINCE MAR 1     38.4                      13.0   25.4     19.6
  SINCE JUL 1     77.3                      59.9   17.4     60.8
  SNOW DEPTH       0

DEGREE DAYS
 HEATING
  YESTERDAY       18                        15      3       13
  MONTH TO DATE  569                       400    169      301
  SINCE MAR 1   1520                      1329    191     1326
  SINCE JUL 1   6062                      6273   -211     5489

 COOLING
  YESTERDAY        0                         0      0        0
  MONTH TO DATE    0                         0      0       16
  SINCE MAR 1      0                         0      0       16
  SINCE JAN 1      0                         0      0       16
..................................................................


WIND (MPH)
  HIGHEST WIND SPEED    22   HIGHEST WIND DIRECTION     W (280)
  HIGHEST GUST SPEED    34   HIGHEST GUST DIRECTION     W (290)
  AVERAGE WIND SPEED    11.2


SKY COVER
  AVERAGE SKY COVER 0.2



RELATIVE HUMIDITY (PERCENT)
 HIGHEST    69
 LOWEST     18
 AVERAGE    44

..........................................................


THE ALBANY NY CLIMATE NORMALS FOR TODAY
                         NORMAL    RECORD    YEAR
 MAXIMUM TEMPERATURE (F)   61        86      1985
 MINIMUM TEMPERATURE (F)   40        20      1947


SUNRISE AND SUNSET
APRIL 22 2018.........SUNRISE   603 AM EDT   SUNSET   745 PM EDT
APRIL 23 2018.........SUNRISE   601 AM EDT   SUNSET   747 PM EDT


-  INDICATES NEGATIVE NUMBERS.
R  INDICATES RECORD WAS SET OR TIED.
MM INDICATES DATA IS MISSING.
T  INDICATES TRACE AMOUNT.




$$
