000
CDUS44 KAMA 210627
CLIAMA


CLIMATE REPORT
NATIONAL WEATHER SERVICE AMARILLO TX
127 AM CDT SAT APR 21 2018


...................................

...THE AMARILLO CLIMATE SUMMARY FOR APRIL 20 2018...

CLIMATE NORMAL PERIOD 1981 TO 2010
CLIMATE RECORD PERIOD 1892 TO 2018


WEATHER ITEM   OBSERVED TIME   RECORD YEAR NORMAL DEPARTURE LAST
                VALUE   (LST)  VALUE       VALUE  FROM      YEAR
                                                  NORMAL
..................................................................
TEMPERATURE (F)
 YESTERDAY
  MAXIMUM         62    400 PM  91    1989  72    -10       74
  MINIMUM         43    419 AM  25    1966  43      0       53
  AVERAGE         53                        58     -5       64

PRECIPITATION (IN)
  YESTERDAY        0.42          0.99 1942   0.06   0.36     0.00
  MONTH TO DATE    0.42                      0.88  -0.46     0.29
  SINCE MAR 1      0.66                      2.27  -1.61     2.27
  SINCE JAN 1      0.67                      3.55  -2.88     5.95

SNOWFALL (IN)
  YESTERDAY        0.0           2.2  1907   0.0    0.0      0.0
  MONTH TO DATE    0.0                       0.6   -0.6      0.0
  SINCE MAR 1      0.0                       3.5   -3.5      0.0
  SINCE JUL 1      T                        17.5  -17.5      8.0
  SNOW DEPTH       0

DEGREE DAYS
 HEATING
  YESTERDAY       12                         8      4        1
  MONTH TO DATE  236                       213     23      128
  SINCE MAR 1    622                       745   -123      475
  SINCE JUL 1   3528                      4022   -494     3033

 COOLING
  YESTERDAY        0                         1     -1        0
  MONTH TO DATE   17                         6     11       33
  SINCE MAR 1     26                         8     18       45
  SINCE JAN 1     26                         8     18       50
..................................................................


WIND (MPH)
  RESULTANT WIND SPEED  25   RESULTANT WIND DIRECTION  SE (130)
  HIGHEST WIND SPEED    37   HIGHEST WIND DIRECTION    SE (140)
  HIGHEST GUST SPEED    45   HIGHEST GUST DIRECTION    SE (140)
  AVERAGE WIND SPEED    23.6


SKY COVER
  AVERAGE SKY COVER 0.7


WEATHER CONDITIONS
 THE FOLLOWING WEATHER WAS RECORDED YESTERDAY.
  THUNDERSTORM
  HEAVY RAIN
  RAIN
  LIGHT RAIN
  FOG


RELATIVE HUMIDITY (PERCENT)
 HIGHEST   100           900 PM
 LOWEST     39          1200 AM
 AVERAGE    70

..........................................................


THE AMARILLO CLIMATE NORMALS FOR TODAY
                         NORMAL    RECORD    YEAR
 MAXIMUM TEMPERATURE (F)   73        91      1963
 MINIMUM TEMPERATURE (F)   43        27      1982


SUNRISE AND SUNSET
APRIL 21 2018.........SUNRISE   707 AM CDT   SUNSET   825 PM CDT
APRIL 22 2018.........SUNRISE   706 AM CDT   SUNSET   825 PM CDT


-  INDICATES NEGATIVE NUMBERS.
R  INDICATES RECORD WAS SET OR TIED.
MM INDICATES DATA IS MISSING.
T  INDICATES TRACE AMOUNT.




$$
