000
CDUS42 KJAX 262131
CLIAMG


CLIMATE REPORT
NATIONAL WEATHER SERVICE JACKSONVILLE FL
530 PM EDT THU APR 26 2018


...................................

...THE ALMA CLIMATE SUMMARY FOR APRIL 26 2018...
VALID TODAY AS OF 0500 PM LOCAL TIME.

CLIMATE NORMAL PERIOD 1981 TO 2010
CLIMATE RECORD PERIOD 1948 TO 2018


WEATHER ITEM   OBSERVED TIME   RECORD YEAR NORMAL DEPARTURE LAST
                VALUE   (LST)  VALUE       VALUE  FROM      YEAR
                                                  NORMAL
..................................................................
TEMPERATURE (F)
 TODAY
  MAXIMUM         82    335 PM  93    1986  81      1       85
  MINIMUM         51    559 AM  43    1983  56     -5       55
  AVERAGE         67                        68     -1       70

PRECIPITATION (IN)
  TODAY            0.00          3.76 1973   0.07  -0.07      T
  MONTH TO DATE    1.82                      2.51  -0.69     2.46
  SINCE MAR 1      3.85                      7.26  -3.41     3.00
  SINCE JAN 1      7.36                     15.32  -7.96    11.13

SNOWFALL (IN)
  TODAY            0.0           0.0    MM   0.0    0.0      0.0
  MONTH TO DATE    0.0                       0.0    0.0      0.0
  SINCE MAR 1      0.0                       0.0    0.0      0.0
  SINCE JUL 1      3.0                       0.1    2.9      0.0
  SNOW DEPTH       0

DEGREE DAYS
 HEATING
  TODAY            0                         1     -1        0
  MONTH TO DATE   60                        59      1       27
  SINCE MAR 1    305                       247     58      224
  SINCE JUL 1   1551                      1648    -97     1080

 COOLING
  TODAY            2                         5     -3        5
  MONTH TO DATE   54                        80    -26      119
  SINCE MAR 1     88                       118    -30      182
  SINCE JAN 1    180                       134     46      237
..................................................................


WIND (MPH)
  HIGHEST WIND SPEED    14   HIGHEST WIND DIRECTION    SW (210)
  HIGHEST GUST SPEED    19   HIGHEST GUST DIRECTION    SW (220)
  AVERAGE WIND SPEED     3.8


SKY COVER
  POSSIBLE SUNSHINE  MM
  AVERAGE SKY COVER 0.1


WEATHER CONDITIONS
 THE FOLLOWING WEATHER WAS RECORDED TODAY.
  FOG


RELATIVE HUMIDITY (PERCENT)
 HIGHEST    96           600 AM
 LOWEST     35           400 PM
 AVERAGE    66

..........................................................


THE ALMA CLIMATE NORMALS FOR TOMORROW
                         NORMAL    RECORD    YEAR
 MAXIMUM TEMPERATURE (F)   81        96      1986
 MINIMUM TEMPERATURE (F)   56        41      1972


SUNRISE AND SUNSET
APRIL 26 2018.........SUNRISE   650 AM EDT   SUNSET   806 PM EDT
APRIL 27 2018.........SUNRISE   649 AM EDT   SUNSET   807 PM EDT


-  INDICATES NEGATIVE NUMBERS.
R  INDICATES RECORD WAS SET OR TIED.
MM INDICATES DATA IS MISSING.
T  INDICATES TRACE AMOUNT.




$$
