000
CDAK48 PAFC 220105
CLIANC


CLIMATE REPORT
NATIONAL WEATHER SERVICE ANCHORAGE, AK
504 PM AKDT MON MAY 21 2018


...................................

...THE ANCHORAGE AK CLIMATE SUMMARY FOR MAY 21 2018...
VALID TODAY AS OF 0500 PM LOCAL TIME.

CLIMATE NORMAL PERIOD 1981 TO 2010
CLIMATE RECORD PERIOD 1952 TO 2018


WEATHER ITEM   OBSERVED TIME   RECORD YEAR NORMAL DEPARTURE LAST
                VALUE   (LST)  VALUE       VALUE  FROM      YEAR
                                                  NORMAL
..................................................................
TEMPERATURE (F)
 TODAY
  MAXIMUM         54    256 PM  77    2002  58     -4       49
  MINIMUM         44   1253 AM  29    1985  41      3       44
  AVERAGE         49                        49      0       47

PRECIPITATION (IN)
  TODAY            T             0.46 1989   0.02  -0.02     0.24
  MONTH TO DATE    0.29                      0.45  -0.16     0.58
  SINCE MAR 1      1.43                      1.52  -0.09     1.65
  SINCE JAN 1      4.57                      2.97   1.60     4.35

SNOWFALL (IN)
  TODAY            0.0           T    1990   0.0    0.0     MM
                                      1972
                                      1964
  MONTH TO DATE    0.0                       0.3   -0.3      0.0
  SINCE MAR 1     10.8                      14.2   -3.4     10.3
  SINCE JUL 1     59.1                      74.5  -15.4     82.4
  SNOW DEPTH       0

DEGREE DAYS
 HEATING
  TODAY           16                        16      0       18
  MONTH TO DATE  382                       393    -11      357
  SINCE MAR 1   2284                      2431   -147     2499
  SINCE JUL 1   9008                      9760   -752     9537

 COOLING
  TODAY            0                         0      0        0
  MONTH TO DATE    0                         0      0        0
  SINCE MAR 1      0                         0      0        0
  SINCE JAN 1      0                         0      0        0
..................................................................


WIND (MPH)
  RESULTANT WIND SPEED   4   RESULTANT WIND DIRECTION   S (170)
  HIGHEST WIND SPEED    12   HIGHEST WIND DIRECTION     S (180)
  HIGHEST GUST SPEED    15   HIGHEST GUST DIRECTION     S (180)
  AVERAGE WIND SPEED     5.4


SKY COVER
  POSSIBLE SUNSHINE  MM
  AVERAGE SKY COVER 0.8


WEATHER CONDITIONS
 THE FOLLOWING WEATHER WAS RECORDED TODAY.
  NO SIGNIFICANT WEATHER WAS OBSERVED.


RELATIVE HUMIDITY (PERCENT)
 HIGHEST    83           500 AM
 LOWEST     54           300 PM
 AVERAGE    69

..........................................................


THE ANCHORAGE AK CLIMATE NORMALS FOR TOMORROW
                         NORMAL    RECORD    YEAR
 MAXIMUM TEMPERATURE (F)   58        72      1960
 MINIMUM TEMPERATURE (F)   42        32      1964


SUNRISE AND SUNSET
MAY 21 2018...........SUNRISE   458 AM AKDT  SUNSET  1057 PM AKDT
MAY 22 2018...........SUNRISE   456 AM AKDT  SUNSET  1059 PM AKDT


-  INDICATES NEGATIVE NUMBERS.
R  INDICATES RECORD WAS SET OR TIED.
MM INDICATES DATA IS MISSING.
T  INDICATES TRACE AMOUNT.




$$
