000
CDUS43 KAPX 222126
CLIAPN


CLIMATE REPORT
NATIONAL WEATHER SERVICE GAYLORD MI
526 PM EDT TUE MAY 22 2018


...................................

...THE ALPENA MI CLIMATE SUMMARY FOR MAY 22 2018...
VALID TODAY AS OF 0500 PM LOCAL TIME.

CLIMATE NORMAL PERIOD 1981 TO 2010
CLIMATE RECORD PERIOD 1916 TO 2018


WEATHER ITEM   OBSERVED TIME   RECORD YEAR NORMAL DEPARTURE LAST
                VALUE   (LST)  VALUE       VALUE  FROM      YEAR
                                                  NORMAL
..................................................................
TEMPERATURE (F)
 TODAY
  MAXIMUM         72    359 PM  91    1964  67      5       63
  MINIMUM         51    757 AM  26    1967  42      9       48
                                      1935
  AVERAGE         62                        54      8       56

PRECIPITATION (IN)
  TODAY            T             1.58 1921   0.09  -0.09      T
  MONTH TO DATE    2.17                      1.84   0.33     1.35
  SINCE MAR 1      8.71                      6.09   2.62     9.03
  SINCE JAN 1     12.60                      9.07   3.53    14.52

DEGREE DAYS
 HEATING
  TODAY            3                        11     -8        9
  MONTH TO DATE  253                       311    -58      333
  SINCE MAR 1   2342                      2138    204     2049
  SINCE JUL 1   7791                      7870    -79     6680

 COOLING
  TODAY            0                         0      0        0
  MONTH TO DATE    7                         0      7        6
  SINCE MAR 1      7                         2      5        6
  SINCE JAN 1      7                         2      5        6
..................................................................


WIND (MPH)
  RESULTANT WIND SPEED   2   RESULTANT WIND DIRECTION  NE (40)
  HIGHEST WIND SPEED    12   HIGHEST WIND DIRECTION     N (20)
  HIGHEST GUST SPEED    17   HIGHEST GUST DIRECTION     E (80)
  AVERAGE WIND SPEED     3.2


SKY COVER
  POSSIBLE SUNSHINE  MM
  AVERAGE SKY COVER 0.8


WEATHER CONDITIONS
 THE FOLLOWING WEATHER WAS RECORDED TODAY.
  LIGHT RAIN
  FOG


RELATIVE HUMIDITY (PERCENT)
 HIGHEST    89
 LOWEST     47
 AVERAGE    68

..........................................................


THE ALPENA MI CLIMATE NORMALS FOR TOMORROW
                         NORMAL    RECORD    YEAR
 MAXIMUM TEMPERATURE (F)   67        89      1964
 MINIMUM TEMPERATURE (F)   43        26      2015
                                             1958


SUNRISE AND SUNSET
MAY 22 2018...........SUNRISE   558 AM EDT   SUNSET   905 PM EDT
MAY 23 2018...........SUNRISE   557 AM EDT   SUNSET   906 PM EDT


-  INDICATES NEGATIVE NUMBERS.
R  INDICATES RECORD WAS SET OR TIED.
MM INDICATES DATA IS MISSING.
T  INDICATES TRACE AMOUNT.




$$
