000
CDUS44 KLCH 192245
CLIARA


CLIMATE REPORT
NATIONAL WEATHER SERVICE LAKE CHARLES, LA
545 PM CDT THU APR 19 2018


...................................

...THE NEW IBERIA CLIMATE SUMMARY FOR APRIL 19 2018...
VALID TODAY AS OF 0500 PM LOCAL TIME.

CLIMATE NORMAL PERIOD 1981 TO 2010
CLIMATE RECORD PERIOD 1948 TO 2018


WEATHER ITEM   OBSERVED TIME   RECORD YEAR NORMAL DEPARTURE LAST
                VALUE   (LST)  VALUE       VALUE  FROM      YEAR
                                                  NORMAL
..................................................................
TEMPERATURE (F)
 TODAY
  MAXIMUM         76    217 PM  91    1987  80     -4       84
  MINIMUM         62    247 AM  43    2008  58      4       64
                                      1953
  AVERAGE         69                        69      0       74

PRECIPITATION (IN)
  TODAY            T             0.70 2010   0.15  -0.15     0.03
  MONTH TO DATE    3.13                      2.82   0.31     1.52
  SINCE MAR 1      5.38                      6.59  -1.21     4.21
  SINCE JAN 1     14.89                     16.00  -1.11     7.01

SNOWFALL (IN)
  TODAY            0.0           0.0    MM  MM               0.0
  MONTH TO DATE    0.0                      MM               0.0
  SINCE MAR 1      0.0                      MM               0.0
  SINCE JUL 1      2.4                      MM               0.0

DEGREE DAYS
 HEATING
  TODAY            0                         1     -1        0
  MONTH TO DATE   59                        39     20        7
  SINCE MAR 1    169                       187    -18       78
  SINCE JUL 1   1352                      1403    -51      707

 COOLING
  TODAY            4                         5     -1        9
  MONTH TO DATE   45                        71    -26      119
  SINCE MAR 1    136                       123     13      244
  SINCE JAN 1    259                       154    105      379
..................................................................


WIND (MPH)
  RESULTANT WIND SPEED   9   RESULTANT WIND DIRECTION   N (0)
  HIGHEST WIND SPEED    18   HIGHEST WIND DIRECTION     N (20)
  HIGHEST GUST SPEED    23   HIGHEST GUST DIRECTION     N (20)
  AVERAGE WIND SPEED     9.3


SKY COVER
  POSSIBLE SUNSHINE  MM
  AVERAGE SKY COVER 0.4


WEATHER CONDITIONS
 THE FOLLOWING WEATHER WAS RECORDED TODAY.
  LIGHT RAIN
  FOG
  FOG W/VISIBILITY <= 1/4 MILE


RELATIVE HUMIDITY (PERCENT)
 HIGHEST    93           100 AM
 LOWEST     29           300 PM
 AVERAGE    61

..........................................................


THE NEW IBERIA CLIMATE NORMALS FOR TOMORROW
                         NORMAL    RECORD    YEAR
 MAXIMUM TEMPERATURE (F)   80        90      1987
 MINIMUM TEMPERATURE (F)   58        42      1953


SUNRISE AND SUNSET
APRIL 19 2018.........SUNRISE   636 AM CDT   SUNSET   737 PM CDT
APRIL 20 2018.........SUNRISE   635 AM CDT   SUNSET   738 PM CDT


-  INDICATES NEGATIVE NUMBERS.
R  INDICATES RECORD WAS SET OR TIED.
MM INDICATES DATA IS MISSING.
T  INDICATES TRACE AMOUNT.




$$
