000
CDUS42 KFFC 200819
CLIATL


CLIMATE REPORT
NATIONAL WEATHER SERVICE PEACHTREE CITY GA
418 AM EDT FRI APR 20 2018


...................................

...THE ATLANTA CLIMATE SUMMARY FOR APRIL 19 2018...

CLIMATE NORMAL PERIOD 1981 TO 2010
CLIMATE RECORD PERIOD 1878 TO 2018


WEATHER ITEM   OBSERVED TIME   RECORD YEAR NORMAL DEPARTURE LAST
                VALUE   (LST)  VALUE       VALUE  FROM      YEAR
                                                  NORMAL
..................................................................
TEMPERATURE (F)
 YESTERDAY
  MAXIMUM         68   1251 AM  88    1941  73     -5       79
  MINIMUM         50   1159 PM  30    1983  52     -2       63
  AVERAGE         59                        63     -4       71

PRECIPITATION (IN)
  YESTERDAY        0.00          1.45 1940   0.11  -0.11     0.00
  MONTH TO DATE    1.49                      2.14  -0.65     4.82
  SINCE MAR 1      6.35                      6.95  -0.60     7.50
  SINCE JAN 1     15.72                     15.82  -0.10    17.55

DEGREE DAYS
 HEATING
  YESTERDAY        6                         4      2        0
  MONTH TO DATE  126                       109     17       37
  SINCE MAR 1    478                       451     27      300
  SINCE JUL 1   2422                      2706   -284     1656

 COOLING
  YESTERDAY        0                         2     -2        6
  MONTH TO DATE   19                        26     -7       64
  SINCE MAR 1     23                        38    -15      109
  SINCE JAN 1     50                        39     11      114
..................................................................


WIND (MPH)
  RESULTANT WIND SPEED  12   RESULTANT WIND DIRECTION  NW (310)
  HIGHEST WIND SPEED    24   HIGHEST WIND DIRECTION    NW (320)
  HIGHEST GUST SPEED    31   HIGHEST GUST DIRECTION    NW (300)
  AVERAGE WIND SPEED    13.8


SKY COVER
  AVERAGE SKY COVER 0.3


WEATHER CONDITIONS
 THE FOLLOWING WEATHER WAS RECORDED YESTERDAY.
  HAZE


RELATIVE HUMIDITY (PERCENT)
 HIGHEST    84           500 AM
 LOWEST     39           500 PM
 AVERAGE    62

..........................................................


THE ATLANTA CLIMATE NORMALS FOR TODAY
                         NORMAL    RECORD    YEAR
 MAXIMUM TEMPERATURE (F)   74        88      1994
                                             1925
 MINIMUM TEMPERATURE (F)   53        30      1983


SUNRISE AND SUNSET
APRIL 20 2018.........SUNRISE   701 AM EDT   SUNSET   813 PM EDT
APRIL 21 2018.........SUNRISE   700 AM EDT   SUNSET   813 PM EDT


-  INDICATES NEGATIVE NUMBERS.
R  INDICATES RECORD WAS SET OR TIED.
MM INDICATES DATA IS MISSING.
T  INDICATES TRACE AMOUNT.




$$
