000
CDUS41 KGYX 220803
CLIAUG


CLIMATE REPORT
NATIONAL WEATHER SERVICE GRAY ME
402 AM EDT TUE MAY 22 2018


...................................

...THE AUGUSTA CLIMATE SUMMARY FOR MAY 21 2018...

CLIMATE NORMAL PERIOD 1981 TO 2010
CLIMATE RECORD PERIOD 1948 TO 2018


WEATHER ITEM   OBSERVED TIME   RECORD YEAR NORMAL DEPARTURE LAST
                VALUE   (LST)  VALUE       VALUE  FROM      YEAR
                                                  NORMAL
..................................................................
TEMPERATURE (F)
 YESTERDAY
  MAXIMUM         78    409 PM  91    1992  67     11       71
  MINIMUM         50    455 AM  35    1964  46      4       42
  AVERAGE         64                        56      8       57

PRECIPITATION (IN)
  YESTERDAY        0.00          1.68 2011   0.12  -0.12     0.00
  MONTH TO DATE    0.95                      2.50  -1.55     2.91
  SINCE MAR 1      8.28                      9.66  -1.38    10.38
  SINCE JAN 1     15.27                     14.70   0.57    16.86

DEGREE DAYS
 HEATING
  YESTERDAY        1                         9     -8        8
  MONTH TO DATE  176                       247    -71      268
  SINCE MAR 1   1877                      1908    -31     2016
  SINCE JUL 1   6863                      7251   -388     6828

 COOLING
  YESTERDAY        0                         0      0        0
  MONTH TO DATE    2                         0      2       11
  SINCE MAR 1      2                         0      2       11
  SINCE JAN 1      2                         0      2       11
..................................................................


WIND (MPH)
  HIGHEST WIND SPEED    18   HIGHEST WIND DIRECTION     W (260)
  HIGHEST GUST SPEED    29   HIGHEST GUST DIRECTION     W (250)
  AVERAGE WIND SPEED     7.3


SKY COVER
  AVERAGE SKY COVER 0.0


WEATHER CONDITIONS
 THE FOLLOWING WEATHER WAS RECORDED YESTERDAY.
  NO SIGNIFICANT WEATHER WAS OBSERVED.


RELATIVE HUMIDITY (PERCENT)
 HIGHEST    71           500 AM
 LOWEST     22           300 PM
 AVERAGE    47

..........................................................


THE AUGUSTA CLIMATE NORMALS FOR TODAY
                         NORMAL    RECORD    YEAR
 MAXIMUM TEMPERATURE (F)   67        94      1992
 MINIMUM TEMPERATURE (F)   46        35      1956


SUNRISE AND SUNSET
MAY 22 2018...........SUNRISE   505 AM EDT   SUNSET   807 PM EDT
MAY 23 2018...........SUNRISE   504 AM EDT   SUNSET   808 PM EDT


-  INDICATES NEGATIVE NUMBERS.
R  INDICATES RECORD WAS SET OR TIED.
MM INDICATES DATA IS MISSING.
T  INDICATES TRACE AMOUNT.




$$
