551
CDUS44 KEWX 212224
CLIAUS


CLIMATE REPORT
NATIONAL WEATHER SERVICE AUSTIN/SAN ANTONIO, TX
523 PM CDT SAT APR 21 2018


...................................

...THE AUSTIN BERGSTROM CLIMATE SUMMARY FOR APRIL 21 2018...
VALID TODAY AS OF 520 PM LOCAL TIME.

CLIMATE NORMAL PERIOD 1981 TO 2010
CLIMATE RECORD PERIOD 1943 TO 2018


WEATHER ITEM   OBSERVED TIME   RECORD YEAR NORMAL DEPARTURE LAST
                VALUE   (LST)  VALUE       VALUE  FROM      YEAR
                                                  NORMAL
..................................................................
TEMPERATURE (F)
 TODAY
  MAXIMUM         71    250 PM  92    2011  81    -10       89
                                      2009
                                      1955
  MINIMUM         59    705 AM  44    2013  56      3       71
  AVERAGE         65                        69     -4       80

PRECIPITATION (IN)
  TODAY            0.23          1.08 1945   0.08   0.15     0.00
  MONTH TO DATE    0.64                      1.42  -0.78     0.99
  SINCE MAR 1      6.85                      4.20   2.65     4.32
  SINCE JAN 1      8.17                      8.71  -0.54    11.63

SNOWFALL (IN)
  TODAY            0.0
  MONTH TO DATE    0.0
  SINCE MAR 1      0.0
  SINCE JUL 1      1.3
  SNOW DEPTH       0

DEGREE DAYS
 HEATING
  TODAY            0                         1     -1        0
  MONTH TO DATE   68                        55     13       10
  SINCE MAR 1    175                       277   -102       83
  SINCE JUL 1   1701                      1892   -191      957

 COOLING
  TODAY            0                         5     -5       15
  MONTH TO DATE   58                        79    -21      134
  SINCE MAR 1    166                       121     45      287
  SINCE JAN 1    208                       137     71      396
..................................................................


WIND (MPH)
  HIGHEST WIND SPEED    16   HIGHEST WIND DIRECTION    SE (130)
  HIGHEST GUST SPEED    18   HIGHEST GUST DIRECTION    SE (120)
  AVERAGE WIND SPEED     6.3


SKY COVER
  AVERAGE SKY COVER 1.0


WEATHER CONDITIONS
 THE FOLLOWING WEATHER WAS RECORDED TODAY.
  RAIN
  LIGHT RAIN
  FOG


RELATIVE HUMIDITY (PERCENT)
 HIGHEST    97           400 PM
 LOWEST     72          1200 AM
 AVERAGE    85

..........................................................


THE AUSTIN BERGSTROM CLIMATE NORMALS FOR TOMORROW
                         NORMAL    RECORD    YEAR
 MAXIMUM TEMPERATURE (F)   81        94      2009
 MINIMUM TEMPERATURE (F)   56        39      1998


SUNRISE AND SUNSET
APRIL 21 2018.........SUNRISE   657 AM CDT   SUNSET   802 PM CDT
APRIL 22 2018.........SUNRISE   656 AM CDT   SUNSET   803 PM CDT


-  INDICATES NEGATIVE NUMBERS.
R  INDICATES RECORD WAS SET OR TIED.
MM INDICATES DATA IS MISSING.
T  INDICATES TRACE AMOUNT.




$$
