000
CDUS42 KGSP 230631 RRA
CLIAVL

CLIMATE REPORT
NATIONAL WEATHER SERVICE GREENVILLE-SPARTANBURG SC
230 AM EDT WED MAY 23 2018


...................................

...THE ASHEVILLE NC CLIMATE SUMMARY FOR MAY 22 2018...

CLIMATE NORMAL PERIOD 1981 TO 2010
CLIMATE RECORD PERIOD 1869 TO 2018


WEATHER ITEM   OBSERVED TIME   RECORD YEAR NORMAL DEPARTURE LAST
                VALUE   (LST)  VALUE       VALUE  FROM      YEAR
                                                  NORMAL
..................................................................
TEMPERATURE (F)
 YESTERDAY
  MAXIMUM         80    258 PM  93    1941  76      4       75
  MINIMUM         62    531 AM  37    2002  53      9       61
                                      1954
  AVERAGE         71                        65      6       68

PRECIPITATION (IN)
  YESTERDAY        T             2.15 1901   0.12  -0.12     0.02
  MONTH TO DATE    9.69                      2.55   7.14     5.83
  SINCE MAR 1     17.44                      9.71   7.73    17.40
  SINCE JAN 1     27.05                     17.14   9.91    21.82

SNOWFALL (IN)
  YESTERDAY        0.0           0.0    MM   0.0             0.0
  MONTH TO DATE    0.0                       0.0             0.0
  SINCE MAR 1      1.2                       2.6             2.1
  SINCE JUL 1     12.0                       9.9             9.4
  SNOW DEPTH       0

DEGREE DAYS
 HEATING
  YESTERDAY        0                         3     -3        0
  MONTH TO DATE   13                        93    -80       63
  SINCE MAR 1    928                       948    -20      722
  SINCE JUL 1   3778                      4165   -387     3116

 COOLING
  YESTERDAY        6                         2      4        3
  MONTH TO DATE   91                        28     63       48
  SINCE MAR 1     95                        36     59       76
  SINCE JAN 1     99                        36     63       76
..................................................................


WIND (MPH)
  HIGHEST WIND SPEED    15   HIGHEST WIND DIRECTION     S (200)
  HIGHEST GUST SPEED    20   HIGHEST GUST DIRECTION    SW (210)
  AVERAGE WIND SPEED     5.9


SKY COVER
  POSSIBLE SUNSHINE  MM
  AVERAGE SKY COVER 0.5


WEATHER CONDITIONS
 THE FOLLOWING WEATHER WAS RECORDED YESTERDAY.
  LIGHT RAIN
  HAZE


RELATIVE HUMIDITY (PERCENT)
 HIGHEST    93           100 AM
 LOWEST     60           100 PM
 AVERAGE    77

..........................................................


THE ASHEVILLE NC CLIMATE NORMALS FOR TODAY
                         NORMAL    RECORD    YEAR
 MAXIMUM TEMPERATURE (F)   76        90      1953
 MINIMUM TEMPERATURE (F)   53        35      2002


SUNRISE AND SUNSET
MAY 23 2018...........SUNRISE   620 AM EDT   SUNSET   834 PM EDT
MAY 24 2018...........SUNRISE   620 AM EDT   SUNSET   835 PM EDT


-  INDICATES NEGATIVE NUMBERS.
R  INDICATES RECORD WAS SET OR TIED.
MM INDICATES DATA IS MISSING.
T  INDICATES TRACE AMOUNT.




$$
JPT
