000
CDUS43 KGRR 192128
CLIAZO


CLIMATE REPORT
NATIONAL WEATHER SERVICE GRAND RAPIDS, MI
528 PM EDT THU APR 19 2018


...................................

...THE KALAMAZOO MI CLIMATE SUMMARY FOR APRIL 19 2018...
VALID TODAY AS OF 0500 PM LOCAL TIME.

CLIMATE NORMAL PERIOD 1981 TO 2010
CLIMATE RECORD PERIOD 1998 TO 2018


WEATHER ITEM   OBSERVED TIME   NORMAL DEPARTURE LAST
                VALUE   (LST)  VALUE  FROM      YEAR
                                      NORMAL
......................................................
TEMPERATURE (F)
 TODAY
  MAXIMUM         54    249 PM  61     -7       73
  MINIMUM         32    623 AM  40     -8       56
  AVERAGE         43            50     -7       65

PRECIPITATION (IN)
  TODAY            T             0.09  -0.09     0.24
  MONTH TO DATE    2.20          1.86   0.34     1.31
  SINCE MAR 1      3.80          4.11  -0.31     5.48
  SINCE JAN 1      9.63          7.35   2.28    10.20

DEGREE DAYS
 HEATING
  TODAY           22            15      7        0
  MONTH TO DATE  529           346    183      247
  SINCE MAR 1   1443          1230    213     1131
  SINCE JUL 1   6004          6003      1     5027

 COOLING
  TODAY            0             0      0        0
  MONTH TO DATE    0             0      0        5
  SINCE MAR 1      0             0      0        5
  SINCE JAN 1      0             0      0        5
......................................................


WIND (MPH)
  RESULTANT WIND SPEED  12   RESULTANT WIND DIRECTION  NW (330)
  HIGHEST WIND SPEED    21   HIGHEST WIND DIRECTION     N (340)
  HIGHEST GUST SPEED    29   HIGHEST GUST DIRECTION    NW (310)
  AVERAGE WIND SPEED    12.4


SKY COVER
  AVERAGE SKY COVER 0.3


WEATHER CONDITIONS
 THE FOLLOWING WEATHER WAS RECORDED TODAY.
  LIGHT RAIN
  FOG


RELATIVE HUMIDITY (PERCENT)
 HIGHEST    89          1200 AM
 LOWEST     32           100 PM
 AVERAGE    61

..........................................................


THE KALAMAZOO MI CLIMATE NORMALS FOR TOMORROW
                         NORMAL
 MAXIMUM TEMPERATURE (F)   62
 MINIMUM TEMPERATURE (F)   40


SUNRISE AND SUNSET
APRIL 19 2018.........SUNRISE   655 AM EDT   SUNSET   828 PM EDT
APRIL 20 2018.........SUNRISE   654 AM EDT   SUNSET   829 PM EDT


-  INDICATES NEGATIVE NUMBERS.
R  INDICATES RECORD WAS SET OR TIED.
MM INDICATES DATA IS MISSING.
T  INDICATES TRACE AMOUNT.




$$
