000
CDUS41 KCTP 260616
CLIBFD


CLIMATE REPORT
NATIONAL WEATHER SERVICE STATE COLLEGE PA
215 AM EDT THU APR 26 2018


...................................

...THE BRADFORD CLIMATE SUMMARY FOR APRIL 25 2018...

CLIMATE NORMAL PERIOD 1981 TO 2010
CLIMATE RECORD PERIOD 1957 TO 2018


WEATHER ITEM   OBSERVED TIME   RECORD YEAR NORMAL DEPARTURE LAST
                VALUE   (LST)  VALUE       VALUE  FROM      YEAR
                                                  NORMAL
..................................................................
TEMPERATURE (F)
 YESTERDAY
  MAXIMUM         56    107 PM  82    2009  59     -3       66
  MINIMUM         39   1159 PM  17    1967  35      4       47
  AVERAGE         48                        47      1       57

PRECIPITATION (IN)
  YESTERDAY        0.04          1.10 1993   0.12  -0.08     0.06
  MONTH TO DATE    3.00                      2.95   0.05     4.20
  SINCE MAR 1      5.38                      6.32  -0.94     7.94
  SINCE JAN 1     12.39                     11.96   0.43    15.02

DEGREE DAYS
 HEATING
  YESTERDAY       17                        13      4        8
  MONTH TO DATE  688                       428    260      394
  SINCE MAR 1   1823                      1465    358     1461
  SINCE JUL 1   6919                      7035   -116     6044

 COOLING
  YESTERDAY        0                         0      0        0
  MONTH TO DATE    0                         0      0        1
  SINCE MAR 1      0                         0      0        1
  SINCE JAN 1      0                         0      0        1
..................................................................


WIND (MPH)
  HIGHEST WIND SPEED    18   HIGHEST WIND DIRECTION    NW (310)
  HIGHEST GUST SPEED    25   HIGHEST GUST DIRECTION    NW (300)
  AVERAGE WIND SPEED     9.3


SKY COVER
  POSSIBLE SUNSHINE  MM
  AVERAGE SKY COVER 1.0


WEATHER CONDITIONS
 THE FOLLOWING WEATHER WAS RECORDED YESTERDAY.
  LIGHT RAIN
  FOG


RELATIVE HUMIDITY (PERCENT)
 HIGHEST    93          1200 AM
 LOWEST     77          1200 PM
 AVERAGE    85

..........................................................


THE BRADFORD CLIMATE NORMALS FOR TODAY
                         NORMAL    RECORD    YEAR
 MAXIMUM TEMPERATURE (F)   59        82      1990
 MINIMUM TEMPERATURE (F)   35        18      1972


SUNRISE AND SUNSET
APRIL 26 2018.........SUNRISE   618 AM EDT   SUNSET   808 PM EDT
APRIL 27 2018.........SUNRISE   616 AM EDT   SUNSET   809 PM EDT


-  INDICATES NEGATIVE NUMBERS.
R  INDICATES RECORD WAS SET OR TIED.
MM INDICATES DATA IS MISSING.
T  INDICATES TRACE AMOUNT.




$$
