000
CDUS41 KCAR 200547
CLIBGR


CLIMATE REPORT
NATIONAL WEATHER SERVICE CARIBOU, ME
146 AM EDT SUN MAY 20 2018


...................................

...THE BANGOR ME CLIMATE SUMMARY FOR MAY 19 2018...

CLIMATE NORMAL PERIOD 1981 TO 2010
CLIMATE RECORD PERIOD 1925 TO 2018


WEATHER ITEM   OBSERVED TIME   RECORD YEAR NORMAL DEPARTURE LAST
                VALUE   (LST)  VALUE       VALUE  FROM      YEAR
                                                  NORMAL
..................................................................
TEMPERATURE (F)
 YESTERDAY
  MAXIMUM         63   1059 AM  89    1962  66     -3       78
  MINIMUM         37    431 AM  32    2009  43     -6       48
                                      1991
                                      1944
  AVERAGE         50                        55     -5       63

PRECIPITATION (IN)
  YESTERDAY        0.54          0.82 1968   0.13   0.41      T
  MONTH TO DATE    1.95                      2.16  -0.21     4.93
  SINCE MAR 1      8.90                      9.16  -0.26    10.98
  SINCE JAN 1     17.42                     14.57   2.85    16.87

SNOWFALL (IN)
  YESTERDAY        0.0           T    2008   0.0             0.0
  MONTH TO DATE    0.0                       0.1             0.0
  SINCE MAR 1     35.3                      15.5            19.3
  SINCE JUL 1    111.3                      66.2            82.6
  SNOW DEPTH       0

DEGREE DAYS
 HEATING
  YESTERDAY       15                        10      5        2
  MONTH TO DATE  189                       253    -64      254
  SINCE MAR 1   1946                      2005    -59     2038
  SINCE JUL 1   7164                      7651   -487     7166

 COOLING
  YESTERDAY        0                         0      0        0
  MONTH TO DATE    3                         0      3        7
  SINCE MAR 1      3                         0      3        7
  SINCE JAN 1      3                         0      3        7
..................................................................


WIND (MPH)
  RESULTANT WIND SPEED   7   RESULTANT WIND DIRECTION   S (190)
  HIGHEST WIND SPEED    22   HIGHEST WIND DIRECTION     S (200)
  HIGHEST GUST SPEED    27   HIGHEST GUST DIRECTION     S (170)


SKY COVER
  POSSIBLE SUNSHINE  MM
  AVERAGE SKY COVER 0.8


WEATHER CONDITIONS
 THE FOLLOWING WEATHER WAS RECORDED YESTERDAY.
  HEAVY RAIN
  RAIN
  LIGHT RAIN
  FOG


RELATIVE HUMIDITY (PERCENT)
 HIGHEST   100
 LOWEST     25
 AVERAGE    63

..........................................................


THE BANGOR ME CLIMATE NORMALS FOR TODAY
                         NORMAL    RECORD    YEAR
 MAXIMUM TEMPERATURE (F)   67        86      2003
                                             1996
 MINIMUM TEMPERATURE (F)   44        30      1944


SUNRISE AND SUNSET
MAY 20 2018...........SUNRISE   502 AM EDT   SUNSET   803 PM EDT
MAY 21 2018...........SUNRISE   501 AM EDT   SUNSET   804 PM EDT


-  INDICATES NEGATIVE NUMBERS.
R  INDICATES RECORD WAS SET OR TIED.
MM INDICATES DATA IS MISSING.
T  INDICATES TRACE AMOUNT.




$$
