000
CDUS44 KBMX 240105
CLIBHM


CLIMATE REPORT
NATIONAL WEATHER SERVICE BIRMINGHAM, AL
804 PM CDT SAT JUN 23 2018


...................................

...THE BIRMINGHAM CLIMATE SUMMARY FOR JUNE 23 2018...
VALID TODAY AS OF 0500 PM LOCAL TIME.

CLIMATE NORMAL PERIOD 1981 TO 2010
CLIMATE RECORD PERIOD 1895 TO 2018


WEATHER ITEM   OBSERVED TIME   RECORD YEAR NORMAL DEPARTURE LAST
                VALUE   (LST)  VALUE       VALUE  FROM      YEAR
                                                  NORMAL
..................................................................
TEMPERATURE (F)
 TODAY
  MAXIMUM         84    543 PM 100    1897  89     -5       88
  MINIMUM         69    840 AM  48    1972  69      0       73
  AVERAGE         77                        79     -2       81

PRECIPITATION (IN)
  TODAY            1.10          4.11 1900   0.14   0.96     1.59
  MONTH TO DATE    4.79                      3.29   1.50     7.61
  SINCE JUN 1      4.79                      3.29   1.50     7.61
  SINCE JAN 1     33.64                     27.26   6.38    35.27

DEGREE DAYS
 COOLING
  TODAY           12                        14     -2       16
  MONTH TO DATE  328                       279     49      280
  SINCE JUN 1    328                       279     49      280
  SINCE JAN 1    750                       561    189      742
..................................................................


WIND (MPH)
  HIGHEST WIND SPEED    20   HIGHEST WIND DIRECTION    NW (300)
  HIGHEST GUST SPEED    24   HIGHEST GUST DIRECTION     N (340)
  AVERAGE WIND SPEED     5.6


SKY COVER
  AVERAGE SKY COVER 0.8


WEATHER CONDITIONS
 THE FOLLOWING WEATHER WAS RECORDED TODAY.
  THUNDERSTORM
  HEAVY RAIN
  RAIN
  LIGHT RAIN
  FOG


RELATIVE HUMIDITY (PERCENT)
 HIGHEST   100           900 AM
 LOWEST     79           100 PM
 AVERAGE    90

..........................................................


THE BIRMINGHAM CLIMATE NORMALS FOR TOMORROW
                         NORMAL    RECORD    YEAR
 MAXIMUM TEMPERATURE (F)   89        99      1981
 MINIMUM TEMPERATURE (F)   70        54      1972


SUNRISE AND SUNSET
JUNE 23 2018..........SUNRISE   538 AM CDT   SUNSET   801 PM CDT
JUNE 24 2018..........SUNRISE   538 AM CDT   SUNSET   801 PM CDT


-  INDICATES NEGATIVE NUMBERS.
R  INDICATES RECORD WAS SET OR TIED.
MM INDICATES DATA IS MISSING.
T  INDICATES TRACE AMOUNT.




$$
