042
CDUS41 KRNK 212109
CLIBLF


CLIMATE REPORT
NATIONAL WEATHER SERVICE BLACKSBURG VA
508 PM EDT MON MAY 21 2018


...................................

...THE BLUEFIELD WV CLIMATE SUMMARY FOR MAY 21 2018...
VALID TODAY AS OF 0500 PM LOCAL TIME.

CLIMATE NORMAL PERIOD 1981 TO 2010
CLIMATE RECORD PERIOD 1959 TO 2018


WEATHER ITEM   OBSERVED TIME   RECORD YEAR NORMAL DEPARTURE LAST
                VALUE   (LST)  VALUE       VALUE  FROM      YEAR
                                                  NORMAL
..................................................................
TEMPERATURE (F)
 TODAY
  MAXIMUM         78   1048 AM  85    2013  73      5       67
  MINIMUM         61    424 AM  33    2002  54      7       58
  AVERAGE         70                        64      6       63

PRECIPITATION (IN)
  TODAY            0.02          1.82 1970   0.14  -0.12     0.46
  MONTH TO DATE    4.31                      2.82   1.49     4.40
  SINCE MAR 1     12.39                      9.67   2.72    12.61
  SINCE JAN 1     19.07                     15.33   3.74    18.42

SNOWFALL (IN)
  TODAY            0.0                                       0.0
  MONTH TO DATE    0.0                                       0.0
  SINCE MAR 1     33.8                                       3.3
  SINCE JUL 1     48.5                                      20.5
  SNOW DEPTH       0

DEGREE DAYS
 HEATING
  TODAY            0                         4     -4        2
  MONTH TO DATE   38                       108    -70      144
  SINCE MAR 1   1391                      1045    346     1086
  SINCE JUL 1   5121                      4538    583     4218

 COOLING
  TODAY            5                         2      3        0
  MONTH TO DATE   53                        33     20       28
  SINCE MAR 1     57                        61     -4       50
  SINCE JAN 1     59                        61     -2       50
..................................................................


WIND (MPH)
  HIGHEST WIND SPEED    10   HIGHEST WIND DIRECTION     S (180)
  HIGHEST GUST SPEED    15   HIGHEST GUST DIRECTION     S (190)
  AVERAGE WIND SPEED     2.6


SKY COVER
  AVERAGE SKY COVER 0.4


WEATHER CONDITIONS
 THE FOLLOWING WEATHER WAS RECORDED TODAY.
  THUNDERSTORM
  LIGHT RAIN


RELATIVE HUMIDITY (PERCENT)
 HIGHEST    93           100 AM
 LOWEST     56          1100 AM
 AVERAGE    75

..........................................................


THE BLUEFIELD WV CLIMATE NORMALS FOR TOMORROW
                         NORMAL    RECORD    YEAR
 MAXIMUM TEMPERATURE (F)   73        85      2013
 MINIMUM TEMPERATURE (F)   55        30      2002


SUNRISE AND SUNSET
MAY 21 2018...........SUNRISE   612 AM EDT   SUNSET   832 PM EDT
MAY 22 2018...........SUNRISE   611 AM EDT   SUNSET   832 PM EDT


-  INDICATES NEGATIVE NUMBERS.
R  INDICATES RECORD WAS SET OR TIED.
MM INDICATES DATA IS MISSING.
T  INDICATES TRACE AMOUNT.


$$

PW
