000
CDUS46 KSEW 230828
CLIBLI


CLIMATE REPORT
NATIONAL WEATHER SERVICE SEATTLE WA
128 AM PDT WED MAY 23 2018


...................................

...THE BELLINGHAM WA AIRPORT CLIMATE SUMMARY FOR MAY 22 2018...

CLIMATE NORMAL PERIOD 1981 TO 2010
CLIMATE RECORD PERIOD 1949 TO 2018


WEATHER ITEM   OBSERVED TIME   RECORD YEAR NORMAL DEPARTURE LAST
                VALUE   (LST)  VALUE       VALUE  FROM      YEAR
                                                  NORMAL
..................................................................
TEMPERATURE (F)
 YESTERDAY
  MAXIMUM         75    447 PM  80    1969  63     12       79
                                      1958
  MINIMUM         47    450 AM  39    2007  47      0       48
                                      1984
  AVERAGE         61                        55      6       64

PRECIPITATION (IN)
  YESTERDAY        0.00          0.61 1996   0.08  -0.08     0.00
  MONTH TO DATE    0.17                      1.75  -1.58     0.88
  SINCE OCT 1     33.47                     29.05   4.42    34.58
  SINCE JAN 1     15.85                     15.35   0.50    15.46

DEGREE DAYS
 HEATING
  YESTERDAY        4                        10     -6        1
  MONTH TO DATE  147                       262   -115      239
  SINCE MAR 1   1272                      1403   -131     1267

 COOLING
  YESTERDAY        0                         0      0        0
  MONTH TO DATE    1                         0      1        0
  SINCE MAR 1      1                         0      1        0
  SINCE JAN 1      1                         0      1        0
..................................................................


WIND (MPH)
  RESULTANT WIND SPEED   1   RESULTANT WIND DIRECTION  SW (210)
  HIGHEST WIND SPEED    10   HIGHEST WIND DIRECTION     W (280)
  HIGHEST GUST SPEED    14   HIGHEST GUST DIRECTION     W (280)
  AVERAGE WIND SPEED     3.8


SKY COVER
  AVERAGE SKY COVER 0.0


WEATHER CONDITIONS
 THE FOLLOWING WEATHER WAS RECORDED YESTERDAY.
  FOG


RELATIVE HUMIDITY (PERCENT)
 HIGHEST    93           100 AM
 LOWEST     44           600 PM
 AVERAGE    69

..........................................................


THE BELLINGHAM WA AIRPORT CLIMATE NORMALS FOR TODAY
                         NORMAL    RECORD    YEAR
 MAXIMUM TEMPERATURE (F)   63        88      1969
 MINIMUM TEMPERATURE (F)   47        33      1955


SUNRISE AND SUNSET
MAY 23 2018...........SUNRISE   519 AM PDT   SUNSET   855 PM PDT
MAY 24 2018...........SUNRISE   518 AM PDT   SUNSET   857 PM PDT


-  INDICATES NEGATIVE NUMBERS.
R  INDICATES RECORD WAS SET OR TIED.
MM INDICATES DATA IS MISSING.
T  INDICATES TRACE AMOUNT.




$$
