000
CDUS45 KRIW 210738
CLIBPI


CLIMATE REPORT
NATIONAL WEATHER SERVICE RIVERTON WY
137 AM MDT SAT APR 21 2018


...................................

...THE BIG PINEY WY CLIMATE SUMMARY FOR APRIL 20 2018...

CLIMATE NORMAL PERIOD 1981 TO 2010
CLIMATE RECORD PERIOD 1976 TO 2018


WEATHER ITEM   OBSERVED TIME   RECORD YEAR NORMAL DEPARTURE LAST
                VALUE   (LST)  VALUE       VALUE  FROM      YEAR
                                                  NORMAL
..................................................................
TEMPERATURE (F)
 YESTERDAY
  MAXIMUM         63    225 PM  72    1994  54      9       52
  MINIMUM         31   1157 PM  11    2008  23      8       22
  AVERAGE         47                        38      9       37

PRECIPITATION (IN)
  YESTERDAY        0.08          0.23 2002   0.02   0.06     0.01
  MONTH TO DATE    0.22                      0.32  -0.10     0.84
  SINCE MAR 1      0.49                      0.76  -0.27     2.29
  SINCE JAN 1      0.54                      1.42  -0.88     4.03

DEGREE DAYS
 HEATING
  YESTERDAY       18                        27     -9       28
  MONTH TO DATE  604                       584     20      562
  SINCE MAR 1   1729                      1756    -27     1673
  SINCE JUL 1   8226                      9279  -1053     9103

 COOLING
  YESTERDAY        0                         0      0        0
  MONTH TO DATE    0                         0      0        0
  SINCE MAR 1      0                         0      0        0
  SINCE JAN 1      0                         0      0        0
..................................................................


WIND (MPH)
  HIGHEST WIND SPEED    23   HIGHEST WIND DIRECTION     E (90)
  HIGHEST GUST SPEED    29   HIGHEST GUST DIRECTION     E (80)
  AVERAGE WIND SPEED     9.5


SKY COVER
  POSSIBLE SUNSHINE  MM
  AVERAGE SKY COVER 0.6


WEATHER CONDITIONS
 THE FOLLOWING WEATHER WAS RECORDED YESTERDAY.
  LIGHT RAIN
  FOG


RELATIVE HUMIDITY (PERCENT)
 HIGHEST    85           800 AM
 LOWEST     20           200 PM
 AVERAGE    53

..........................................................


THE BIG PINEY WY CLIMATE NORMALS FOR TODAY
                         NORMAL    RECORD    YEAR
 MAXIMUM TEMPERATURE (F)   54        75      1994
 MINIMUM TEMPERATURE (F)   23         4      2008


SUNRISE AND SUNSET
APRIL 21 2018.........SUNRISE   630 AM MDT   SUNSET   809 PM MDT
APRIL 22 2018.........SUNRISE   628 AM MDT   SUNSET   810 PM MDT


-  INDICATES NEGATIVE NUMBERS.
R  INDICATES RECORD WAS SET OR TIED.
MM INDICATES DATA IS MISSING.
T  INDICATES TRACE AMOUNT.




$$
