179
CDUS42 KCAE 270611
CLICAE


CLIMATE REPORT
NATIONAL WEATHER SERVICE COLUMBIA SC
211 AM EDT SUN MAY 27 2018


...................................

...THE COLUMBIA METRO AIRPORT SC CLIMATE SUMMARY FOR MAY 26 2018...

CLIMATE NORMAL PERIOD 1981 TO 2010
CLIMATE RECORD PERIOD 1887 TO 2018


WEATHER ITEM   OBSERVED TIME   RECORD YEAR NORMAL DEPARTURE LAST
                VALUE   (LST)  VALUE       VALUE  FROM      YEAR
                                                  NORMAL
..................................................................
TEMPERATURE (F)
 YESTERDAY
  MAXIMUM         88    102 PM 100    1953  86      2       85
                                      1926
  MINIMUM         70    325 AM  40    1979  63      7       56
  AVERAGE         79                        74      5       71

PRECIPITATION (IN)
  YESTERDAY        0.09          1.56 1996   0.10  -0.01     0.00
                                      1890
  MONTH TO DATE    1.97                      2.43  -0.46     6.27
  SINCE MAR 1      8.04                      8.78  -0.74    14.76
  SINCE JAN 1     12.07                     15.97  -3.90    23.40

SNOWFALL (IN)
  YESTERDAY        0.0          MM      MM   0.0             0.0
  MONTH TO DATE    0.0                       0.0             0.0
  SINCE MAR 1      0.0                       0.1              T
  SINCE JUL 1      T                         1.5             0.1

DEGREE DAYS
 HEATING
  YESTERDAY        0                         0      0        0
  MONTH TO DATE    0                        18    -18       12
  SINCE MAR 1    461                       450     11      324
  SINCE JUL 1   2185                      2549   -364     1665

 COOLING
  YESTERDAY       14                        10      4        6
  MONTH TO DATE  297                       173    124      214
  SINCE MAR 1    356                       264     92      440
  SINCE JAN 1    416                       268    148      458
..................................................................


WIND (MPH)
  HIGHEST WIND SPEED    17   HIGHEST WIND DIRECTION     S (170)
  HIGHEST GUST SPEED    21   HIGHEST GUST DIRECTION     S (170)
  AVERAGE WIND SPEED     5.5


SKY COVER
  AVERAGE SKY COVER 0.7


WEATHER CONDITIONS
 THE FOLLOWING WEATHER WAS RECORDED YESTERDAY.
  THUNDERSTORM
  LIGHT RAIN
  FOG


RELATIVE HUMIDITY (PERCENT)
 HIGHEST   100           100 AM
 LOWEST     61           100 PM
 AVERAGE    81

..........................................................


THE COLUMBIA METRO AIRPORT SC CLIMATE NORMALS FOR TODAY
                         NORMAL    RECORD    YEAR
 MAXIMUM TEMPERATURE (F)   86        99      1916
 MINIMUM TEMPERATURE (F)   63        42      1979


SUNRISE AND SUNSET
MAY 27 2018...........SUNRISE   616 AM EDT   SUNSET   827 PM EDT
MAY 28 2018...........SUNRISE   616 AM EDT   SUNSET   828 PM EDT


-  INDICATES NEGATIVE NUMBERS.
R  INDICATES RECORD WAS SET OR TIED.
MM INDICATES DATA IS MISSING.
T  INDICATES TRACE AMOUNT.




$$
