000
CDUS45 KABQ 220826
CLICAO


CLIMATE REPORT
NATIONAL WEATHER SERVICE ALBUQUERQUE NM
226 AM MDT SUN APR 22 2018


...................................

...THE CLAYTON  NM CLIMATE SUMMARY FOR APRIL 21 2018...

CLIMATE NORMAL PERIOD 1981 TO 2010
CLIMATE RECORD PERIOD 1896 TO 2018


WEATHER ITEM   OBSERVED TIME   RECORD YEAR NORMAL DEPARTURE
                VALUE   (LST)  VALUE       VALUE  FROM
                                                  NORMAL
...............................................................
TEMPERATURE (F)
 YESTERDAY
  MAXIMUM         52   1204 PM  90    1989  69    -17
  MINIMUM         38   1117 PM  21    1927  39     -1
  AVERAGE         45                        54     -9

PRECIPITATION (IN)
  YESTERDAY        0.10          0.66 1913   0.03   0.07
  MONTH TO DATE    1.00                      0.60   0.40
  SINCE MAR 1      1.07                      1.55  -0.48
  SINCE JAN 1      1.10                      2.17  -1.07

SNOWFALL (IN)
  YESTERDAY        0.0
  MONTH TO DATE    T
  SINCE MAR 1      T
  SINCE JUL 1      0.8

DEGREE DAYS
 HEATING
  YESTERDAY       20                        11      9
  MONTH TO DATE  355                       296     59
  SINCE MAR 1    922                       940    -18
  SINCE JUL 1   4302                      4617   -315

 COOLING
  YESTERDAY        0                         0      0
  MONTH TO DATE    6                         0      6
  SINCE MAR 1      6                         1      5
  SINCE JAN 1      6                         1      5
...............................................................


WIND (MPH)
  HIGHEST WIND SPEED    23   HIGHEST WIND DIRECTION     N (20)
  HIGHEST GUST SPEED    28   HIGHEST GUST DIRECTION     N (10)
  AVERAGE WIND SPEED    11.4


SKY COVER
  AVERAGE SKY COVER 1.0


WEATHER CONDITIONS
 THE FOLLOWING WEATHER WAS RECORDED YESTERDAY.
  LIGHT RAIN
  FOG
  FOG W/VISIBILITY <= 1/4 MILE


RELATIVE HUMIDITY (PERCENT)
 HIGHEST   100          1200 AM
 LOWEST     61           400 PM
 AVERAGE    81

..........................................................


THE CLAYTON  NM CLIMATE NORMALS FOR TODAY
                         NORMAL    RECORD    YEAR
 MAXIMUM TEMPERATURE (F)   69        91      1965
 MINIMUM TEMPERATURE (F)   40        24      1920


SUNRISE AND SUNSET
APRIL 22 2018.........SUNRISE   610 AM MDT   SUNSET   733 PM MDT
APRIL 23 2018.........SUNRISE   609 AM MDT   SUNSET   734 PM MDT


-  INDICATES NEGATIVE NUMBERS.
R  INDICATES RECORD WAS SET OR TIED.
MM INDICATES DATA IS MISSING.
T  INDICATES TRACE AMOUNT.




$$
