674
CDUS41 KCLE 200537
CLICLE


CLIMATE REPORT
NATIONAL WEATHER SERVICE CLEVELAND OH
125 AM EDT SUN MAY 20 2018


...................................

...THE CLEVELAND OH CLIMATE SUMMARY FOR MAY 19 2018...

CLIMATE NORMAL PERIOD 1981 TO 2010
CLIMATE RECORD PERIOD 1871 TO 2018


WEATHER ITEM   OBSERVED TIME   RECORD YEAR NORMAL DEPARTURE LAST
                VALUE   (LST)  VALUE       VALUE  FROM      YEAR
                                                  NORMAL
..................................................................
TEMPERATURE (F)
 YESTERDAY
  MAXIMUM         81    121 PM  88    1998  70     11       72
                                      1996
                                      1911
  MINIMUM         64    701 AM  33    1976  51     13       52
  AVERAGE         73                        61     12       62

PRECIPITATION (IN)
  YESTERDAY        1.36                      0.13   1.23     0.13
  MONTH TO DATE    4.02                      2.18   1.84     2.65
  SINCE MAR 1     12.41                      8.60   3.81    11.16
  SINCE JAN 1     17.93                     13.66   4.27    18.62

SNOWFALL (IN)
  YESTERDAY        0.0                       0.0    0.0      0.0
  MONTH TO DATE    0.0                       0.1   -0.1      0.0
  SINCE MAR 1     16.0                      16.0    0.0     12.1
  SINCE JUL 1     53.1                      68.2  -15.1     37.3
  SNOW DEPTH       0

DEGREE DAYS
 HEATING
  YESTERDAY        0                         6     -6        3
  MONTH TO DATE   54                       154   -100      187
  SINCE MAR 1   1629                      1448    181     1231
  SINCE JUL 1   5616                      5665    -49     4542

 COOLING
  YESTERDAY        8                         2      6        0
  MONTH TO DATE   39                        22     17       33
  SINCE MAR 1     39                        33      6       64
  SINCE JAN 1     42                        33      9       64
..................................................................


WIND (MPH)
  HIGHEST WIND SPEED    20   HIGHEST WIND DIRECTION     S (170)
  HIGHEST GUST SPEED    26   HIGHEST GUST DIRECTION    SE (140)
  AVERAGE WIND SPEED    11.7


SKY COVER
  POSSIBLE SUNSHINE  MM
  AVERAGE SKY COVER 0.8


WEATHER CONDITIONS
 THE FOLLOWING WEATHER WAS RECORDED YESTERDAY.
  THUNDERSTORM
  HEAVY RAIN
  RAIN
  LIGHT RAIN
  FOG


RELATIVE HUMIDITY (PERCENT)
 HIGHEST    93          1000 PM
 LOWEST     62           200 PM
 AVERAGE    78

..........................................................


THE CLEVELAND OH CLIMATE NORMALS FOR TODAY
                         NORMAL    RECORD    YEAR
 MAXIMUM TEMPERATURE (F)   71        91      1962
                                             1959
 MINIMUM TEMPERATURE (F)   51        34      1981
                                             1888


SUNRISE AND SUNSET
MAY 20 2018...........SUNRISE   604 AM EDT   SUNSET   844 PM EDT
MAY 21 2018...........SUNRISE   603 AM EDT   SUNSET   845 PM EDT


-  INDICATES NEGATIVE NUMBERS.
R  INDICATES RECORD WAS SET OR TIED.
MM INDICATES DATA IS MISSING.
T  INDICATES TRACE AMOUNT.




$$
