000
CDUS46 KLOX 240116
CLICMA


CLIMATE REPORT
NATIONAL WEATHER SERVICE LOS ANGELES/OXNARD CA
615 PM PDT WED MAY 23 2018


...................................

...THE CAMARILLO CLIMATE SUMMARY FOR MAY 23 2018...
VALID TODAY AS OF 0600 PM LOCAL TIME.

CLIMATE NORMAL PERIOD 1981 TO 2010
CLIMATE RECORD PERIOD 1923 TO 2018


WEATHER ITEM   OBSERVED TIME   RECORD YEAR NORMAL DEPARTURE LAST
                VALUE   (LST)  VALUE       VALUE  FROM      YEAR
                                                  NORMAL
..................................................................
TEMPERATURE (F)
 TODAY
  MAXIMUM         68    222 PM  93    1932  71     -3       76
  MINIMUM         52    312 AM  38    1960  53     -1       55
                                      1927
  AVERAGE         60                        62     -2       66

PRECIPITATION (IN)
  TODAY            0.00          0.53 1931   0.00   0.00     0.00
  MONTH TO DATE    T                         0.30  -0.30     0.08
  SINCE OCT 1      5.94                     14.92  -8.98    19.44
  SINCE JAN 1      5.87                     10.92  -5.05    14.78

SNOWFALL (IN)
  TODAY            0.0
  MONTH TO DATE    0.0
  SINCE MAR 1      0.0
  SINCE JUL 1      0.0

DEGREE DAYS
 HEATING
  TODAY            5                         3      2        0
  MONTH TO DATE  120                       100     20       67
  SINCE MAR 1    484                       584   -100      326
  SINCE JUL 1   1159                      1920   -761     1314

 COOLING
  TODAY            0                         0      0        1
  MONTH TO DATE    0                         0      0       20
  SINCE MAR 1     10                        11     -1       40
  SINCE JAN 1     52                        20     32       41
..................................................................


WIND (MPH)
  HIGHEST WIND SPEED    14   HIGHEST WIND DIRECTION    SW (210)
  HIGHEST GUST SPEED    18   HIGHEST GUST DIRECTION    SW (240)
  AVERAGE WIND SPEED     4.9


SKY COVER
  POSSIBLE SUNSHINE  MM
  AVERAGE SKY COVER 0.7


WEATHER CONDITIONS
 THE FOLLOWING WEATHER WAS RECORDED TODAY.
  NO SIGNIFICANT WEATHER WAS OBSERVED.


RELATIVE HUMIDITY (PERCENT)
 HIGHEST    83          1200 AM
 LOWEST     58           200 PM
 AVERAGE    71

..........................................................


THE CAMARILLO CLIMATE NORMALS FOR TOMORROW
                         NORMAL    RECORD    YEAR
 MAXIMUM TEMPERATURE (F)   71        87      1927
 MINIMUM TEMPERATURE (F)   53        40      1939


SUNRISE AND SUNSET
MAY 23 2018...........SUNRISE   549 AM PDT   SUNSET   757 PM PDT
MAY 24 2018...........SUNRISE   549 AM PDT   SUNSET   758 PM PDT


-  INDICATES NEGATIVE NUMBERS.
R  INDICATES RECORD WAS SET OR TIED.
MM INDICATES DATA IS MISSING.
T  INDICATES TRACE AMOUNT.




$$
