000
CDUS43 KLSX 242228
CLICOU


CLIMATE REPORT
NATIONAL WEATHER SERVICE ST LOUIS MO
527 PM CDT THU MAY 24 2018


...................................

...THE COLUMBIA ASOS CLIMATE SUMMARY FOR MAY 24 2018...
VALID TODAY AS OF 0500 PM LOCAL TIME.

CLIMATE NORMAL PERIOD 1981 TO 2010
CLIMATE RECORD PERIOD 1890 TO 2018


WEATHER ITEM   OBSERVED TIME   RECORD YEAR NORMAL DEPARTURE LAST
                VALUE   (LST)  VALUE       VALUE  FROM      YEAR
                                                  NORMAL
..................................................................
TEMPERATURE (F)
 TODAY
  MAXIMUM         86    333 PM  94    1911  77      9       67
  MINIMUM         66    529 AM  36    1925  56     10       49
  AVERAGE         76                        66     10       58

PRECIPITATION (IN)
  TODAY            0.00          1.26 1927   0.15  -0.15     0.00
  MONTH TO DATE    2.67                      3.89  -1.22     5.20
  SINCE MAR 1      6.46                     11.29  -4.83    17.17
  SINCE JAN 1     11.67                     15.46  -3.79    18.39

SNOWFALL (IN)
  TODAY            0.0           0.0  2015   0.0    0.0      0.0
  MONTH TO DATE    0.0                       0.0    0.0      0.0
  SINCE MAR 1      0.9                       1.9   -1.0       T
  SINCE JUL 1      4.1                      18.0  -13.9      1.6
  SNOW DEPTH       0

DEGREE DAYS
 HEATING
  TODAY            0                         2     -2        7
  MONTH TO DATE    0                        97    -97       83
  SINCE MAR 1   1130                      1054     76      772
  SINCE JUL 1   4769                      5000   -231     3813

 COOLING
  TODAY           11                         3      8        0
  MONTH TO DATE  184                        49    135       61
  SINCE MAR 1    197                        74    123      103
  SINCE JAN 1    197                        74    123      107
..................................................................


WIND (MPH)
  HIGHEST WIND SPEED    12   HIGHEST WIND DIRECTION    SW (210)
  HIGHEST GUST SPEED    14   HIGHEST GUST DIRECTION     S (160)
  AVERAGE WIND SPEED     4.1


SKY COVER
  AVERAGE SKY COVER 0.1



RELATIVE HUMIDITY (PERCENT)
 HIGHEST    93           400 AM
 LOWEST     55           200 PM
 AVERAGE    74

..........................................................


THE COLUMBIA ASOS CLIMATE NORMALS FOR TOMORROW
                         NORMAL    RECORD    YEAR
 MAXIMUM TEMPERATURE (F)   77        93      1911
 MINIMUM TEMPERATURE (F)   56        33      1925


SUNRISE AND SUNSET
MAY 24 2018...........SUNRISE   550 AM CDT   SUNSET   822 PM CDT
MAY 25 2018...........SUNRISE   549 AM CDT   SUNSET   823 PM CDT


-  INDICATES NEGATIVE NUMBERS.
R  INDICATES RECORD WAS SET OR TIED.
MM INDICATES DATA IS MISSING.
T  INDICATES TRACE AMOUNT.




$$
