850
CDUS46 KLOX 260123
CLICQT


CLIMATE REPORT
NATIONAL WEATHER SERVICE LOS ANGELES/OXNARD CA
620 PM PDT WED APR 25 2018


...................................

...THE DOWNTOWN LOS ANGELES (USC) CA CLIMATE SUMMARY FOR APRIL 25 2018...
VALID TODAY AS OF 0500 PM LOCAL TIME.

CLIMATE NORMAL PERIOD 1981 TO 2010
CLIMATE RECORD PERIOD 1877 TO 2018


WEATHER ITEM   OBSERVED TIME   RECORD YEAR NORMAL DEPARTURE LAST
                VALUE   (LST)  VALUE       VALUE  FROM      YEAR
                                                  NORMAL
..................................................................
TEMPERATURE (F)
 TODAY
  MAXIMUM         69    943 AM  94    1898  74     -5       77
  MINIMUM         55    204 AM  42    1882  55      0       60
  AVERAGE         62                        64     -2       69

PRECIPITATION (IN)
  TODAY            0.00          0.50 1959   0.02  -0.02     0.00
  MONTH TO DATE    0.02                      0.80  -0.78     0.08
  SINCE OCT 1      4.63                     14.18  -9.55    18.67
  SINCE JAN 1      4.51                     10.15  -5.64    12.72

SNOWFALL (IN)
  TODAY            0.0
  MONTH TO DATE    0.0
  SINCE MAR 1      0.0
  SINCE JUL 1      0.0

DEGREE DAYS
 HEATING
  TODAY            3                         3      0        0
  MONTH TO DATE   44                        87    -43       12
  SINCE MAR 1    189                       244    -55       54
  SINCE JUL 1    600                      1019   -419      706

 COOLING
  TODAY            0                         2     -2        4
  MONTH TO DATE   45                        33     12       66
  SINCE MAR 1     45                        53     -8      131
  SINCE JAN 1     81                        76      5      139
..................................................................


WIND (MPH)
  HIGHEST WIND SPEED     7   HIGHEST WIND DIRECTION     W (270)
  HIGHEST GUST SPEED    11   HIGHEST GUST DIRECTION     W (280)
  AVERAGE WIND SPEED     1.4


SKY COVER
  POSSIBLE SUNSHINE  MM
  AVERAGE SKY COVER 0.5


WEATHER CONDITIONS
 THE FOLLOWING WEATHER WAS RECORDED TODAY.
  FOG
  HAZE


RELATIVE HUMIDITY (PERCENT)
 HIGHEST    93          1200 AM
 LOWEST     56           100 PM
 AVERAGE    75

..........................................................


THE DOWNTOWN LOS ANGELES (USC) CA CLIMATE NORMALS FOR TOMORROW
                         NORMAL    RECORD    YEAR
 MAXIMUM TEMPERATURE (F)   74        99      2004
 MINIMUM TEMPERATURE (F)   55        42      1894
                                             1883


SUNRISE AND SUNSET
APRIL 25 2018.........SUNRISE   610 AM PDT   SUNSET   732 PM PDT
APRIL 26 2018.........SUNRISE   609 AM PDT   SUNSET   733 PM PDT


-  INDICATES NEGATIVE NUMBERS.
R  INDICATES RECORD WAS SET OR TIED.
MM INDICATES DATA IS MISSING.
T  INDICATES TRACE AMOUNT.




$$
