000
CDUS44 KCRP 210813
CLICRP

CLIMATE REPORT
NATIONAL WEATHER SERVICE CORPUS CHRISTI TX
313 AM CDT SAT APR 21 2018


...................................

...THE CORPUS CHRISTI CLIMATE SUMMARY FOR APRIL 20 2018...

CLIMATE NORMAL PERIOD 1981 TO 2010
CLIMATE RECORD PERIOD 1887 TO 2018


WEATHER ITEM   OBSERVED TIME   RECORD YEAR NORMAL DEPARTURE LAST
                VALUE   (LST)  VALUE       VALUE  FROM      YEAR
                                                  NORMAL
..................................................................
TEMPERATURE (F)
 YESTERDAY
  MAXIMUM         78   1235 PM  89    1984  83     -5       86
                                      1892
  MINIMUM         60   1254 AM  47    2013  64     -4       70
                                      1980
  AVERAGE         69                        73     -4       78

PRECIPITATION (IN)
  YESTERDAY        T             1.92 1945   0.06  -0.06     0.00
  MONTH TO DATE    0.10                      1.16  -1.06     1.91
  SINCE MAR 1      2.11                      3.05  -0.94     6.90
  SINCE JAN 1      3.84                      6.52  -2.68     9.74

SNOWFALL (IN)
  YESTERDAY        0.0
  MONTH TO DATE    0.0
  SINCE MAR 1      0.0
  SINCE JUL 1      1.0
  SNOW DEPTH       0

DEGREE DAYS
 HEATING
  YESTERDAY        0                         0      0        0
  MONTH TO DATE   17                        15      2        0
  SINCE MAR 1     42                        96    -54       16
  SINCE JUL 1    871                       896    -25      368

 COOLING
  YESTERDAY        4                         9     -5       13
  MONTH TO DATE  125                       142    -17      191
  SINCE MAR 1    330                       257     73      394
  SINCE JAN 1    452                       333    119      663
..................................................................


WIND (MPH)
  HIGHEST WIND SPEED    25   HIGHEST WIND DIRECTION     E (100)
  HIGHEST GUST SPEED    30   HIGHEST GUST DIRECTION     E (100)
  AVERAGE WIND SPEED    13.5


SKY COVER
  POSSIBLE SUNSHINE  MM
  AVERAGE SKY COVER 0.9


WEATHER CONDITIONS
 THE FOLLOWING WEATHER WAS RECORDED YESTERDAY.
  LIGHT RAIN


RELATIVE HUMIDITY (PERCENT)
 HIGHEST    90          1000 PM
 LOWEST     60          1100 AM
 AVERAGE    75

..........................................................


THE CORPUS CHRISTI CLIMATE NORMALS FOR TODAY
                         NORMAL    RECORD    YEAR
 MAXIMUM TEMPERATURE (F)   83        95      2009
 MINIMUM TEMPERATURE (F)   64        51      1980


SUNRISE AND SUNSET
APRIL 21 2018.........SUNRISE   659 AM CDT   SUNSET   758 PM CDT
APRIL 22 2018.........SUNRISE   658 AM CDT   SUNSET   759 PM CDT


-  INDICATES NEGATIVE NUMBERS.
R  INDICATES RECORD WAS SET OR TIED.
MM INDICATES DATA IS MISSING.
T  INDICATES TRACE AMOUNT.




$$
