000
CDUS45 KTFX 210740
CLICTB


CLIMATE REPORT
NATIONAL WEATHER SERVICE GREAT FALLS MT
140 AM MDT SAT APR 21 2018


...................................

...THE CUT BANK MT CLIMATE SUMMARY FOR APRIL 20 2018...

CLIMATE NORMAL PERIOD 1981 TO 2010
CLIMATE RECORD PERIOD 1903 TO 2018


WEATHER ITEM   OBSERVED TIME   RECORD YEAR NORMAL DEPARTURE LAST
                VALUE   (LST)  VALUE       VALUE  FROM      YEAR
                                                  NORMAL
..................................................................
TEMPERATURE (F)
 YESTERDAY
  MAXIMUM         61    414 PM  81    1980  55      6       62
  MINIMUM         27    445 AM  -5    1927  30     -3       27
  AVERAGE         44                        42      2       45

PRECIPITATION (IN)
  YESTERDAY        0.00          0.50 1920   0.02  -0.02      T
  MONTH TO DATE    0.34                      0.45  -0.11     1.19
  SINCE OCT 1      4.72                      2.38   2.34     4.50
  SINCE JAN 1      2.61                      1.36   1.25     3.07

SNOWFALL (IN)
  YESTERDAY       MM
  SNOW DEPTH       0

DEGREE DAYS
 HEATING
  YESTERDAY       21                        23     -2       20
  MONTH TO DATE  706                       509    197      458
  SINCE MAR 1   1970                      1547    423     1479
  SINCE JUL 1   8488                      7607    881     7830

 COOLING
  YESTERDAY        0                         0      0        0
  MONTH TO DATE    0                         0      0        0
  SINCE MAR 1      0                         0      0        0
  SINCE JAN 1      0                         0      0        0
..................................................................


WIND (MPH)
  HIGHEST WIND SPEED    24   HIGHEST WIND DIRECTION     W (260)
  HIGHEST GUST SPEED    28   HIGHEST GUST DIRECTION     W (270)
  AVERAGE WIND SPEED     8.4


SKY COVER
  AVERAGE SKY COVER 0.0


WEATHER CONDITIONS
 THE FOLLOWING WEATHER WAS RECORDED YESTERDAY.
  NO SIGNIFICANT WEATHER WAS OBSERVED.


RELATIVE HUMIDITY (PERCENT)
 HIGHEST    89           100 AM
 LOWEST     19          1200 PM
 AVERAGE    54

..........................................................


THE CUT BANK MT CLIMATE NORMALS FOR TODAY
                         NORMAL    RECORD    YEAR
 MAXIMUM TEMPERATURE (F)   55        78      1911
 MINIMUM TEMPERATURE (F)   30         2      1951


SUNRISE AND SUNSET
APRIL 21 2018.........SUNRISE   627 AM MDT   SUNSET   830 PM MDT
APRIL 22 2018.........SUNRISE   626 AM MDT   SUNSET   831 PM MDT


-  INDICATES NEGATIVE NUMBERS.
R  INDICATES RECORD WAS SET OR TIED.
MM INDICATES DATA IS MISSING.
T  INDICATES TRACE AMOUNT.




$$
