000
CDUS42 KCAE 270611
CLICUB


CLIMATE REPORT
NATIONAL WEATHER SERVICE COLUMBIA SC
211 AM EDT SUN MAY 27 2018


...................................

...THE HAMILTON - OWENS AIRPORT SC CLIMATE SUMMARY FOR MAY 26 2018...

CLIMATE NORMAL PERIOD 1981 TO 2010
CLIMATE RECORD PERIOD 9999 TO 9999


WEATHER ITEM   OBSERVED TIME   NORMAL DEPARTURE LAST
                VALUE   (LST)  VALUE  FROM      YEAR
                                      NORMAL
......................................................
TEMPERATURE (F)
 YESTERDAY
  MAXIMUM         88    214 PM  86      2       84
  MINIMUM         71    603 AM  64      7       66
  AVERAGE         80            75      5       75

PRECIPITATION (IN)
  YESTERDAY        0.06          0.11  -0.05     0.00
  MONTH TO DATE    3.63          2.41   1.22     4.25
  SINCE MAR 1      9.53          8.98   0.55    12.37
  SINCE JAN 1     13.37         16.26  -2.89    20.07

DEGREE DAYS
 HEATING
  YESTERDAY        0             0      0        0
  MONTH TO DATE    0            11    -11       10
  SINCE MAR 1    478           383     95      309
  SINCE JUL 1   2158          2312   -154     1573

 COOLING
  YESTERDAY       15            10      5       10
  MONTH TO DATE  279           185     94      219
  SINCE MAR 1    330           281     49      445
  SINCE JAN 1    379           284     95      463
......................................................


WIND (MPH)
  HIGHEST WIND SPEED    15   HIGHEST WIND DIRECTION     S (170)
  HIGHEST GUST SPEED    22   HIGHEST GUST DIRECTION     S (160)
  AVERAGE WIND SPEED     3.9


SKY COVER
  AVERAGE SKY COVER 0.6


WEATHER CONDITIONS
 THE FOLLOWING WEATHER WAS RECORDED YESTERDAY.
  THUNDERSTORM
  LIGHT RAIN
  FOG


RELATIVE HUMIDITY (PERCENT)
 HIGHEST   100           700 AM
 LOWEST     55           200 PM

..........................................................


THE HAMILTON - OWENS AIRPORT SC CLIMATE NORMALS FOR TODAY
                         NORMAL    RECORD    YEAR
 MAXIMUM TEMPERATURE (F)   86        MM        MM
 MINIMUM TEMPERATURE (F)   64        MM        MM


SUNRISE AND SUNSET
MAY 27 2018...........SUNRISE   616 AM EDT   SUNSET   827 PM EDT
MAY 28 2018...........SUNRISE   615 AM EDT   SUNSET   828 PM EDT


-  INDICATES NEGATIVE NUMBERS.
R  INDICATES RECORD WAS SET OR TIED.
MM INDICATES DATA IS MISSING.
T  INDICATES TRACE AMOUNT.




$$
