901
CDUS46 KSGX 221135
CLICZZ


CLIMATE REPORT
NATIONAL WEATHER SERVICE SAN DIEGO, CA
434 AM PDT SUN APR 22 2018


...................................

...THE CAMPO ASOS CA CLIMATE SUMMARY FOR APRIL 21 2018...

CLIMATE NORMAL PERIOD 1981 TO 2010
CLIMATE RECORD PERIOD 1948 TO 2018


WEATHER ITEM   OBSERVED TIME   RECORD YEAR NORMAL DEPARTURE LAST
                VALUE   (LST)  VALUE       VALUE  FROM      YEAR
                                                  NORMAL
..................................................................
TEMPERATURE (F)
 YESTERDAY
  MAXIMUM         84   1257 PM  91    2009  74     10       85
  MINIMUM         37    304 AM  25    1973  38     -1       37
  AVERAGE         61                        56      5       61

PRECIPITATION (IN)
  YESTERDAY        0.00          0.55 1983   0.02  -0.02     0.00
  MONTH TO DATE    0.03                      0.75  -0.72     0.00
  SINCE OCT 1      4.26                     13.87  -9.61    15.69
  SINCE JAN 1      3.91                      9.65  -5.74    10.46

DEGREE DAYS
 HEATING
  YESTERDAY        4                         9     -5        4
  MONTH TO DATE  184                       227    -43      206
  SINCE MAR 1    602                       644    -42      515
  SINCE JUL 1   2224                      2695   -471     2425

 COOLING
  YESTERDAY        0                         0      0        0
  MONTH TO DATE    0                         0      0        0
  SINCE MAR 1      0                         0      0        0
  SINCE JAN 1      0                         0      0        0
..................................................................


WIND (MPH)
  RESULTANT WIND SPEED   6   RESULTANT WIND DIRECTION  NE (50)
  HIGHEST WIND SPEED    18   HIGHEST WIND DIRECTION    NW (310)
  HIGHEST GUST SPEED    27   HIGHEST GUST DIRECTION     E (80)
  AVERAGE WIND SPEED     8.9


SKY COVER
  POSSIBLE SUNSHINE  MM
  AVERAGE SKY COVER 0.0



RELATIVE HUMIDITY (PERCENT)
 HIGHEST    85           100 AM
 LOWEST     10           100 PM
 AVERAGE    48

..........................................................


THE CAMPO ASOS CA CLIMATE NORMALS FOR TODAY
                         NORMAL    RECORD    YEAR
 MAXIMUM TEMPERATURE (F)   74        90      2017
 MINIMUM TEMPERATURE (F)   39        23      1963


SUNRISE AND SUNSET
APRIL 22 2018.........SUNRISE   608 AM PDT   SUNSET   721 PM PDT
APRIL 23 2018.........SUNRISE   607 AM PDT   SUNSET   722 PM PDT


-  INDICATES NEGATIVE NUMBERS.
R  INDICATES RECORD WAS SET OR TIED.
MM INDICATES DATA IS MISSING.
T  INDICATES TRACE AMOUNT.




$$
