000
CDUS43 KUNR 220833
CLID07


CLIMATE REPORT
NATIONAL WEATHER SERVICE RAPID CITY SD
231 AM MDT SUN APR 22 2018


...................................

...THE FAITH SD CLIMATE SUMMARY FOR APRIL 21 2018...

CLIMATE NORMAL PERIOD 1981 TO 2010
CLIMATE RECORD PERIOD 9999 TO 9999


WEATHER ITEM   OBSERVED TIME   NORMAL DEPARTURE LAST
                VALUE   (LST)  VALUE  FROM      YEAR
                                      NORMAL
......................................................
TEMPERATURE (F)
 YESTERDAY
  MAXIMUM         53    236 PM  59     -6       58
  MINIMUM         37   1159 PM  35      2       35
  AVERAGE         45            47     -2       47

PRECIPITATION (IN)
  YESTERDAY        0.00          0.06  -0.06     0.00
  MONTH TO DATE    0.97          0.92   0.05     1.46
  SINCE MAR 1      2.24          1.90   0.34     1.96
  SINCE JAN 1      3.34          2.52   0.82     2.98

DEGREE DAYS
 HEATING
  YESTERDAY       20            18      2       18
  MONTH TO DATE  716           465    251      360
  SINCE MAR 1   1892          1468    424     1270
  SINCE JUL 1   7844          7156    688     6621

 COOLING
  YESTERDAY        0             0      0        0
  MONTH TO DATE    0             0      0        0
  SINCE MAR 1      0             0      0        0
  SINCE JAN 1      0             0      0        0
......................................................


WIND (MPH)
  HIGHEST WIND SPEED    28   HIGHEST WIND DIRECTION     S (160)
  HIGHEST GUST SPEED    34   HIGHEST GUST DIRECTION     S (160)
  AVERAGE WIND SPEED    19.0




RELATIVE HUMIDITY (PERCENT)
 HIGHEST   100          1200 AM
 LOWEST     63           100 PM
 AVERAGE    82

..........................................................




SUNRISE AND SUNSET
APRIL 22 2018.........SUNRISE   551 AM MDT   SUNSET   743 PM MDT
APRIL 23 2018.........SUNRISE   550 AM MDT   SUNSET   744 PM MDT


-  INDICATES NEGATIVE NUMBERS.
R  INDICATES RECORD WAS SET OR TIED.
MM INDICATES DATA IS MISSING.
T  INDICATES TRACE AMOUNT.




$$
