092
CDUS43 KILX 202132
CLIDEC


CLIMATE REPORT
NATIONAL WEATHER SERVICE LINCOLN IL
432 PM CDT SUN MAY 20 2018


...................................

...THE DECATUR IL AIRPORT CLIMATE SUMMARY FOR MAY 20 2018...
VALID TODAY AS OF 0400 PM LOCAL TIME.

CLIMATE NORMAL PERIOD 1981 TO 2010
CLIMATE RECORD PERIOD 9999 TO 9999


WEATHER ITEM   OBSERVED TIME   RECORD YEAR NORMAL DEPARTURE LAST
                VALUE   (LST)  VALUE       VALUE  FROM      YEAR
                                                  NORMAL
..................................................................
TEMPERATURE (F)
 TODAY
  MAXIMUM         82    254 PM  MM      MM  75      7       76
  MINIMUM         57    424 AM  MM      MM  53      4       52
  AVERAGE         70                        64      6       64

PRECIPITATION (IN)
  TODAY            0.02         MM      MM   0.14  -0.12     1.42
  MONTH TO DATE    1.31                      2.96  -1.65     8.10
  SINCE MAR 1      6.55                      9.40  -2.85    16.38
  SINCE JAN 1     11.68                     13.12  -1.44    18.48

DEGREE DAYS
 HEATING
  TODAY            0                         4     -4        1
  MONTH TO DATE    7                       109   -102      128
  SINCE MAR 1   1396                      1215    181     1032
  SINCE JUL 1   5548                      5472     76     4391

 COOLING
  TODAY            5                         3      2        0
  MONTH TO DATE  104                        33     71       50
  SINCE MAR 1    107                        47     60       73
  SINCE JAN 1    107                        47     60       73
..................................................................


WIND (MPH)
  HIGHEST WIND SPEED    16   HIGHEST WIND DIRECTION    SW (220)
  HIGHEST GUST SPEED    20   HIGHEST GUST DIRECTION    SW (220)
  AVERAGE WIND SPEED     4.8


SKY COVER
  POSSIBLE SUNSHINE  MM
  AVERAGE SKY COVER 0.2


WEATHER CONDITIONS
 THE FOLLOWING WEATHER WAS RECORDED TODAY.
  LIGHT RAIN
  FOG


RELATIVE HUMIDITY (PERCENT)
 HIGHEST   100           500 AM
 LOWEST     55           300 PM
 AVERAGE    78

..........................................................


THE DECATUR IL AIRPORT CLIMATE NORMALS FOR TOMORROW
                         NORMAL    RECORD    YEAR
 MAXIMUM TEMPERATURE (F)   76        MM        MM
 MINIMUM TEMPERATURE (F)   53        MM        MM


SUNRISE AND SUNSET
MAY 20 2018...........SUNRISE   536 AM CDT   SUNSET   808 PM CDT
MAY 21 2018...........SUNRISE   536 AM CDT   SUNSET   809 PM CDT


-  INDICATES NEGATIVE NUMBERS.
R  INDICATES RECORD WAS SET OR TIED.
MM INDICATES DATA IS MISSING.
T  INDICATES TRACE AMOUNT.




$$
