000
CDUS44 KFWD 200643
CLIDFW

CLIMATE REPORT
NATIONAL WEATHER SERVICE FORT WORTH TX
140 AM CDT FRI APR 20 2018

...................................

...THE DALLAS FORT WORTH CLIMATE SUMMARY FOR APRIL 19 2018...

CLIMATE NORMAL PERIOD 1981 TO 2010
CLIMATE RECORD PERIOD 1898 TO 2018


WEATHER ITEM   OBSERVED TIME   RECORD YEAR NORMAL DEPARTURE LAST
                VALUE   (LST)  VALUE       VALUE  FROM      YEAR
                                                  NORMAL
..................................................................
TEMPERATURE (F)
 YESTERDAY
  MAXIMUM         70    444 PM  93    1996  77     -7       85
  MINIMUM         49    559 AM  36    1953  56     -7       65
  AVERAGE         60                        66     -6       75

PRECIPITATION (IN)
  YESTERDAY        0.00          3.67 1942   0.11  -0.11     0.00
  MONTH TO DATE    0.21                      1.71  -1.50     3.32
  SINCE MAR 1      3.11                      5.20  -2.09     4.38
  SINCE JAN 1     15.27                      9.99   5.28    11.10

SNOWFALL (IN)
  YESTERDAY        0.0           0.0    MM   0.0    0.0      0.0
  MONTH TO DATE    0.0                       0.0    0.0      0.0
  SINCE MAR 1      0.0                       0.2   -0.2      0.0
  SINCE JUL 1      T                         1.6   -1.6      0.1
  SNOW DEPTH       0

DEGREE DAYS
 HEATING
  YESTERDAY        5                         2      3        0
  MONTH TO DATE  123                        68     55        6
  SINCE MAR 1    237                       329    -92       99
  SINCE JUL 1   1904                      2261   -357     1287

 COOLING
  YESTERDAY        0                         4     -4       10
  MONTH TO DATE   34                        50    -16      107
  SINCE MAR 1    104                        82     22      230
  SINCE JAN 1    126                        89     37      298
..................................................................


WIND (MPH)
  HIGHEST WIND SPEED    21   HIGHEST WIND DIRECTION     N (10)
  HIGHEST GUST SPEED    27   HIGHEST GUST DIRECTION     N (20)
  AVERAGE WIND SPEED    11.2


SKY COVER
  POSSIBLE SUNSHINE  MM
  AVERAGE SKY COVER 0.3


WEATHER CONDITIONS
 THE FOLLOWING WEATHER WAS RECORDED YESTERDAY.
  NO SIGNIFICANT WEATHER WAS OBSERVED.


RELATIVE HUMIDITY (PERCENT)
 HIGHEST    61           600 AM
 LOWEST     23           300 PM
 AVERAGE    42

..........................................................


THE DALLAS FORT WORTH CLIMATE NORMALS FOR TODAY
                         NORMAL    RECORD    YEAR
 MAXIMUM TEMPERATURE (F)   77        94      1925
 MINIMUM TEMPERATURE (F)   56        40      1953


SUNRISE AND SUNSET
APRIL 20 2018.........SUNRISE   652 AM CDT   SUNSET   802 PM CDT
APRIL 21 2018.........SUNRISE   651 AM CDT   SUNSET   803 PM CDT


-  INDICATES NEGATIVE NUMBERS.
R  INDICATES RECORD WAS SET OR TIED.
MM INDICATES DATA IS MISSING.
T  INDICATES TRACE AMOUNT.

$$
