000
CDUS43 KDLH 250624
CLIDLH


CLIMATE REPORT
NATIONAL WEATHER SERVICE DULUTH MN
124 AM CDT FRI MAY 25 2018


...................................

...THE DULUTH MN CLIMATE SUMMARY FOR MAY 24 2018...

CLIMATE NORMAL PERIOD 1981 TO 2010
CLIMATE RECORD PERIOD 1870 TO 2018


WEATHER ITEM   OBSERVED TIME   RECORD YEAR NORMAL DEPARTURE LAST
                VALUE   (LST)  VALUE       VALUE  FROM      YEAR
                                                  NORMAL
..................................................................
TEMPERATURE (F)
 YESTERDAY
  MAXIMUM         79    310 PM  84    2014  65     14       59
                                      1875
  MINIMUM         58   1155 PM  31    1949  43     15       42
  AVERAGE         69                        54     15       51

PRECIPITATION (IN)
  YESTERDAY        0.28          1.81 1989   0.10   0.18     0.00
  MONTH TO DATE    0.67                      2.46  -1.79     3.78
  SINCE MAR 1      2.50                      6.38  -3.88     7.85
  SINCE JAN 1      4.86                      8.15  -3.29    10.81

SNOWFALL (IN)
  YESTERDAY        0.0           T    2002   0.0    0.0      0.0
                                      1949
  MONTH TO DATE    0.0                       0.4   -0.4      0.8
  SINCE MAR 1     23.6                      20.5    3.1      8.0
  SINCE JUL 1     91.9                      86.1    5.8     67.0
  SNOW DEPTH       0

DEGREE DAYS
 HEATING
  YESTERDAY        0                        11    -11       14
  MONTH TO DATE  252                       353   -101      383
  SINCE MAR 1   2407                      2325     82     2254
  SINCE JUL 1   9428                      9192    236     7944

 COOLING
  YESTERDAY        4                         0      4        0
  MONTH TO DATE   12                         0     12        0
  SINCE MAR 1     12                         0     12        0
  SINCE JAN 1     12                         0     12        0
..................................................................


WIND (MPH)
  HIGHEST WIND SPEED    15   HIGHEST WIND DIRECTION     E (110)
  HIGHEST GUST SPEED    18   HIGHEST GUST DIRECTION    SE (120)
  AVERAGE WIND SPEED     7.1


SKY COVER
  AVERAGE SKY COVER 0.5


WEATHER CONDITIONS
 THE FOLLOWING WEATHER WAS RECORDED YESTERDAY.
  THUNDERSTORM
  LIGHT RAIN
  FOG


RELATIVE HUMIDITY (PERCENT)
 HIGHEST    93           400 AM
 LOWEST     67           300 PM
 AVERAGE    80

..........................................................


THE DULUTH MN CLIMATE NORMALS FOR TODAY
                         NORMAL    RECORD    YEAR
 MAXIMUM TEMPERATURE (F)   65        86      2010
 MINIMUM TEMPERATURE (F)   43        30      1992
                                             1988


SUNRISE AND SUNSET
MAY 25 2018...........SUNRISE   523 AM CDT   SUNSET   849 PM CDT
MAY 26 2018...........SUNRISE   523 AM CDT   SUNSET   850 PM CDT


-  INDICATES NEGATIVE NUMBERS.
R  INDICATES RECORD WAS SET OR TIED.
MM INDICATES DATA IS MISSING.
T  INDICATES TRACE AMOUNT.




$$
