367
CDUS45 KTWC 250031 RRA
CLIDUG

CLIMATE REPORT
NATIONAL WEATHER SERVICE TUCSON AZ
531 PM MST TUE APR 24 2018


...................................

...THE DOUGLAS AZ CLIMATE SUMMARY FOR APRIL 24 2018...
VALID TODAY AS OF 0500 PM LOCAL TIME.

CLIMATE NORMAL PERIOD 1981 TO 2010
CLIMATE RECORD PERIOD 1948 TO 2018


WEATHER ITEM   OBSERVED TIME   RECORD YEAR NORMAL DEPARTURE LAST
                VALUE   (LST)  VALUE       VALUE  FROM      YEAR
                                                  NORMAL
..................................................................
TEMPERATURE (F)
 TODAY
  MAXIMUM         90    228 PM  95    1996  82      8       88
  MINIMUM         49    512 AM  34    2007  46      3       52
  AVERAGE         70                        64      6       70

PRECIPITATION (IN)
  TODAY            0.00                      0.01  -0.01     0.00
  MONTH TO DATE    T                         0.18  -0.18      T
  SINCE OCT 1      1.87                      4.62  -2.75     3.05
  SINCE JAN 1      1.04                      2.07  -1.03     1.70

DEGREE DAYS
 HEATING
  TODAY            0                         3     -3        0
  MONTH TO DATE   64                       124    -60       89
  SINCE MAR 1    331                       449   -118      270
  SINCE JUL 1   2006                      2485   -479     2063

 COOLING
  TODAY            5                         2      3        5
  MONTH TO DATE   33                        14     19       24
  SINCE MAR 1     40                        15     25       31
  SINCE JAN 1     40                        15     25       31
..................................................................


WIND (MPH)
  HIGHEST WIND SPEED    20   HIGHEST WIND DIRECTION    SW (210)
  HIGHEST GUST SPEED    23   HIGHEST GUST DIRECTION    SW (210)
  AVERAGE WIND SPEED     4.6


SKY COVER
  POSSIBLE SUNSHINE  MM
  AVERAGE SKY COVER 0.0


WEATHER CONDITIONS
 THE FOLLOWING WEATHER WAS RECORDED TODAY.
  NO SIGNIFICANT WEATHER WAS OBSERVED.


RELATIVE HUMIDITY (PERCENT)
 HIGHEST    29
 LOWEST      6
 AVERAGE    18

..........................................................


THE DOUGLAS AZ CLIMATE NORMALS FOR TOMORROW
                         NORMAL    RECORD    YEAR
 MAXIMUM TEMPERATURE (F)   82        94      2000
                                             1996
 MINIMUM TEMPERATURE (F)   46        31      1961


SUNRISE AND SUNSET
APRIL 24 2018.........SUNRISE   540 AM MST   SUNSET   653 PM MST
APRIL 25 2018.........SUNRISE   539 AM MST   SUNSET   654 PM MST


-  INDICATES NEGATIVE NUMBERS.
R  INDICATES RECORD WAS SET OR TIED.
MM INDICATES DATA IS MISSING.
T  INDICATES TRACE AMOUNT.




$$
