000
CDUS46 KEKA 201212
CLIEKA


CLIMATE REPORT
NATIONAL WEATHER SERVICE EUREKA CA
511 AM PDT SUN MAY 20 2018


...................................

...THE EUREKA CA CLIMATE SUMMARY FOR MAY 19 2018...

CLIMATE NORMAL PERIOD 1981 TO 2010
CLIMATE RECORD PERIOD 1886 TO 2018


WEATHER ITEM   OBSERVED RECORD YEAR NORMAL DEPARTURE LAST
                VALUE   VALUE       VALUE  FROM      YEAR
                                           NORMAL
...........................................................
TEMPERATURE (F)
 YESTERDAY
  MAXIMUM         58     78    1952  60     -2       60
  MINIMUM         51     40    2003  48      3       47
  AVERAGE         55                 54      1       54

PRECIPITATION (IN)
  YESTERDAY        0.02   0.56 1925   0.05  -0.03     0.00
  MONTH TO DATE    0.28               1.19  -0.91     1.29
  SINCE OCT 1     35.51              37.91  -2.40    62.10
  SINCE JAN 1     24.53              21.94   2.59    36.33

SNOWFALL (IN)
  YESTERDAY        0.0   MM      MM   0.0    0.0      0.0
  MONTH TO DATE    0.0                0.0    0.0      0.0
  SINCE MAR 1      T                  T      0.0       T
  SINCE JUL 1      T                  0.2   -0.2       T
  SNOW DEPTH       0

DEGREE DAYS
 HEATING
  YESTERDAY       10                 11     -1       11
  MONTH TO DATE  206                224    -18      240
  SINCE MAR 1   1121               1123     -2     1051
  SINCE JUL 1   3922               4045   -123     3940

 COOLING
  YESTERDAY        0                  0      0        0
  MONTH TO DATE    0                  0      0        0
  SINCE MAR 1      0                  0      0        0
  SINCE JAN 1      0                  0      0        0
...........................................................


WIND (MPH)
  HIGHEST WIND SPEED    10   HIGHEST WIND DIRECTION     N (360)
  HIGHEST GUST SPEED    14   HIGHEST GUST DIRECTION    MM
  AVERAGE WIND SPEED     5.6


SKY COVER
  AVERAGE SKY COVER 1.0


WEATHER CONDITIONS
 THE FOLLOWING WEATHER WAS RECORDED YESTERDAY.
  LIGHT RAIN
  FOG


..........................................................


THE EUREKA CA CLIMATE NORMALS FOR TODAY
                         NORMAL    RECORD    YEAR
 MAXIMUM TEMPERATURE (F)   61        72      1942
 MINIMUM TEMPERATURE (F)   48        40      1976


SUNRISE AND SUNSET
MAY 20 2018...........SUNRISE   555 AM PDT   SUNSET   832 PM PDT
MAY 21 2018...........SUNRISE   554 AM PDT   SUNSET   833 PM PDT


-  INDICATES NEGATIVE NUMBERS.
R  INDICATES RECORD WAS SET OR TIED.
MM INDICATES DATA IS MISSING.
T  INDICATES TRACE AMOUNT.




&&

..........................................................

TOTAL SEASON     NORMAL   % OF NORMAL     LAST SEASON

    35.51         37.91        94            62.10


$$
