000
CDUS41 KRLX 222122
CLIEKN


CLIMATE REPORT
NATIONAL WEATHER SERVICE CHARLESTON WV
520 PM EDT TUE MAY 22 2018


...................................

...THE ELKINS WV CLIMATE SUMMARY FOR MAY 22 2018...
VALID TODAY AS OF 0500 PM LOCAL TIME.

CLIMATE NORMAL PERIOD 1981 TO 2010
CLIMATE RECORD PERIOD 1899 TO 2018


WEATHER ITEM   OBSERVED TIME   RECORD YEAR NORMAL DEPARTURE LAST
                VALUE   (LST)  VALUE       VALUE  FROM      YEAR
                                                  NORMAL
..................................................................
TEMPERATURE (F)
 TODAY
  MAXIMUM         77    217 PM  90    1911  72      5       71
  MINIMUM         63    618 AM  26    2002  47     16       48
  AVERAGE         70                        60     10       60

PRECIPITATION (IN)
  TODAY            0.87          1.18 1999   0.17   0.70     0.01
  MONTH TO DATE    7.35                      3.61   3.74     2.48
  SINCE MAR 1     16.74                     11.37   5.37    11.57
  SINCE JAN 1     27.55                     17.70   9.85    18.82

DEGREE DAYS
 HEATING
  TODAY            0                         6     -6        5
  MONTH TO DATE   46                       189   -143      170
  SINCE MAR 1   1524                      1431     93     1160
  SINCE JUL 1   5476                      5752   -276     4563

 COOLING
  TODAY            5                         1      4        0
  MONTH TO DATE   59                         9     50       29
  SINCE MAR 1     60                        12     48       39
  SINCE JAN 1     60                        12     48       39
..................................................................


WIND (MPH)
  HIGHEST WIND SPEED    14   HIGHEST WIND DIRECTION    NW (320)
  HIGHEST GUST SPEED    19   HIGHEST GUST DIRECTION    NW (310)
  AVERAGE WIND SPEED    3.8


SKY COVER
  POSSIBLE SUNSHINE  MM
  AVERAGE SKY COVER 0.7


WEATHER CONDITIONS
 THE FOLLOWING WEATHER WAS RECORDED TODAY.
  HEAVY RAIN
  RAIN
  LIGHT RAIN
  FOG


RELATIVE HUMIDITY (PERCENT)
 HIGHEST    87           500 AM
 LOWEST     64          1000 AM
 AVERAGE    76

..........................................................


THE ELKINS WV CLIMATE NORMALS FOR TOMORROW
                         NORMAL    RECORD    YEAR
 MAXIMUM TEMPERATURE (F)   72        87      1966
 MINIMUM TEMPERATURE (F)   48        29      2006


SUNRISE AND SUNSET
MAY 22 2018...........SUNRISE   601 AM EDT   SUNSET   831 PM EDT
MAY 23 2018...........SUNRISE   601 AM EDT   SUNSET   832 PM EDT


-  INDICATES NEGATIVE NUMBERS.
R  INDICATES RECORD WAS SET OR TIED.
MM INDICATES DATA IS MISSING.
T  INDICATES TRACE AMOUNT.




$$
