016
CDUS44 KSHV 222143
CLIELD


CLIMATE REPORT
NATIONAL WEATHER SERVICE SHREVEPORT, LA
443 PM CDT SUN APR 22 2018


...................................

...THE EL DORADO CLIMATE SUMMARY FOR APRIL 22 2018...
VALID TODAY AS OF 0400 PM LOCAL TIME.

CLIMATE NORMAL PERIOD 1981 TO 2010
CLIMATE RECORD PERIOD 1907 TO 2018


WEATHER ITEM   OBSERVED TIME   RECORD YEAR NORMAL DEPARTURE LAST
                VALUE   (LST)  VALUE       VALUE  FROM      YEAR
                                                  NORMAL
..................................................................
TEMPERATURE (F)
 TODAY
  MAXIMUM         65    139 PM  91    1925  77    -12       70
  MINIMUM         58    841 AM  35    1931  53      5       51
  AVERAGE         62                        65     -3       61

PRECIPITATION (IN)
  TODAY            0.30          3.31 1979   0.13   0.17     0.08
  MONTH TO DATE    4.13                      2.96   1.17     7.43
  SINCE DEC 1     31.26                     21.98   9.28    23.84
  SINCE JAN 1     25.63                     16.80   8.83    17.55

SNOWFALL (IN)
  TODAY            0.0
  MONTH TO DATE    0.0
  SINCE MAR 1      0.0
  SINCE JUL 1      2.8
  SNOW DEPTH       0

DEGREE DAYS
 HEATING
  TODAY            3                         3      0        4
  MONTH TO DATE  162                       101     61       32
  SINCE MAR 1    398                       409    -11      244
  SINCE JUL 1   2500                      2637   -137     1696

 COOLING
  TODAY            0                         3     -3        0
  MONTH TO DATE   16                        45    -29       74
  SINCE MAR 1     46                        67    -21      127
  SINCE JAN 1     71                        73     -2      154
..................................................................


WIND (MPH)
  HIGHEST WIND SPEED    16   HIGHEST WIND DIRECTION     W (260)
  HIGHEST GUST SPEED    24   HIGHEST GUST DIRECTION     W (260)
  AVERAGE WIND SPEED     6.5


SKY COVER
  POSSIBLE SUNSHINE  MM
  AVERAGE SKY COVER 0.9


WEATHER CONDITIONS
 THE FOLLOWING WEATHER WAS RECORDED TODAY.
  HEAVY RAIN
  RAIN
  LIGHT RAIN
  FOG


RELATIVE HUMIDITY (PERCENT)
 HIGHEST   100           100 AM
 LOWEST     78           300 PM
 AVERAGE    89

..........................................................


THE EL DORADO CLIMATE NORMALS FOR TOMORROW
                         NORMAL    RECORD    YEAR
 MAXIMUM TEMPERATURE (F)   77        91      1965
 MINIMUM TEMPERATURE (F)   53        37      1959


SUNRISE AND SUNSET
APRIL 22 2018.........SUNRISE   633 AM CDT   SUNSET   747 PM CDT
APRIL 23 2018.........SUNRISE   632 AM CDT   SUNSET   748 PM CDT


-  INDICATES NEGATIVE NUMBERS.
R  INDICATES RECORD WAS SET OR TIED.
MM INDICATES DATA IS MISSING.
T  INDICATES TRACE AMOUNT.




$$
