000
CDUS45 KLKN 230927
CLIELY


CLIMATE REPORT
NATIONAL WEATHER SERVICE ELKO NV
226 AM PDT MON APR 23 2018


...................................

...THE ELY AIRPORT NV CLIMATE SUMMARY FOR APRIL 22 2018...

CLIMATE NORMAL PERIOD 1981 TO 2010
CLIMATE RECORD PERIOD 1893 TO 2018


WEATHER ITEM   OBSERVED TIME   RECORD YEAR NORMAL DEPARTURE LAST
                VALUE   (LST)  VALUE       VALUE  FROM      YEAR
                                                  NORMAL
..................................................................
TEMPERATURE (F)
 YESTERDAY
  MAXIMUM         73    342 PM  80    2012  60     13       65
  MINIMUM         29    453 AM  -5    1963  28      1       22
  AVERAGE         51                        44      7       44

PRECIPITATION (IN)
  YESTERDAY        0.00          0.36 1904   0.03  -0.03     0.00
  MONTH TO DATE    0.24                      0.68  -0.44     0.89
  SINCE OCT 1      3.59                      5.35  -1.76     7.53
  SINCE JAN 1      3.01                      3.06  -0.05     5.75

SNOWFALL (IN)
  YESTERDAY        0.0           2.0  2003   0.2   -0.2      0.0
                                      1968
  MONTH TO DATE    0.2                       4.1   -3.9      1.4
  SINCE MAR 1     17.3                      12.4    4.9     17.2
  SINCE JUL 1     43.8                      47.3   -3.5     66.8
  SNOW DEPTH       0

DEGREE DAYS
 HEATING
  YESTERDAY       14                        21     -7       21
  MONTH TO DATE  455                       519    -64      487
  SINCE MAR 1   1389                      1409    -20     1227
  SINCE JUL 1   6186                      6746   -560     6188

 COOLING
  YESTERDAY        0                         0      0        0
  MONTH TO DATE    0                         0      0        0
  SINCE MAR 1      0                         0      0        0
  SINCE JAN 1      0                         0      0        0
..................................................................


WIND (MPH)
  HIGHEST WIND SPEED    20   HIGHEST WIND DIRECTION     S (190)
  HIGHEST GUST SPEED    26   HIGHEST GUST DIRECTION    NW (320)
  AVERAGE WIND SPEED     8.3



WEATHER CONDITIONS
 THE FOLLOWING WEATHER WAS RECORDED YESTERDAY.
  NO SIGNIFICANT WEATHER WAS OBSERVED.


RELATIVE HUMIDITY (PERCENT)
 HIGHEST    69           500 AM
 LOWEST     12           300 PM
 AVERAGE    41

..........................................................


THE ELY AIRPORT NV CLIMATE NORMALS FOR TODAY
                         NORMAL    RECORD    YEAR
 MAXIMUM TEMPERATURE (F)   60        83      2012
 MINIMUM TEMPERATURE (F)   29         7      1963


SUNRISE AND SUNSET
APRIL 23 2018.........SUNRISE   551 AM PDT   SUNSET   725 PM PDT
APRIL 24 2018.........SUNRISE   550 AM PDT   SUNSET   726 PM PDT


-  INDICATES NEGATIVE NUMBERS.
R  INDICATES RECORD WAS SET OR TIED.
MM INDICATES DATA IS MISSING.
T  INDICATES TRACE AMOUNT.




$$
