137
CDUS46 KPQR 270222
CLIEUG


CLIMATE REPORT
NATIONAL WEATHER SERVICE PORTLAND OREGON
721 PM PDT THU APR 26 2018


...................................

...THE EUGENE OR CLIMATE SUMMARY FOR APRIL 26 2018...
VALID TODAY AS OF 0700 PM LOCAL TIME.

CLIMATE NORMAL PERIOD 1981 TO 2010
CLIMATE RECORD PERIOD 1892 TO 2018


WEATHER ITEM   OBSERVED TIME   RECORD YEAR NORMAL DEPARTURE LAST
                VALUE   (LST)  VALUE       VALUE  FROM      YEAR
                                                  NORMAL
..................................................................
TEMPERATURE (F)
 TODAY
  MAXIMUM         67    208 PM  86    1947  63      4       57
  MINIMUM         47    529 AM  30    1943  41      6       44
  AVERAGE         57                        52      5       51

PRECIPITATION (IN)
  TODAY            0.00          0.63 2010   0.09  -0.09     0.46
  MONTH TO DATE    3.01                      2.99   0.02     3.52
  SINCE OCT 1     28.29                     39.08 -10.79    42.31
  SINCE JAN 1     14.28                     20.28  -6.00    22.72

SNOWFALL (IN)
  TODAY            0.0
  MONTH TO DATE    0.0
  SINCE MAR 1      T
  SINCE JUL 1      2.0

DEGREE DAYS
 HEATING
  TODAY            8                        13     -5       14
  MONTH TO DATE  386                       394     -8      384
  SINCE MAR 1   1045                       963     82      908
  SINCE JUL 1   4368                      4290     78     4109

 COOLING
  TODAY            0                         0      0        0
  MONTH TO DATE    0                         0      0        0
  SINCE MAR 1      0                         0      0        0
  SINCE JAN 1      0                         0      0        0
..................................................................


WIND (MPH)
  HIGHEST WIND SPEED    22   HIGHEST WIND DIRECTION    SW (230)
  HIGHEST GUST SPEED    25   HIGHEST GUST DIRECTION    SW (230)
  AVERAGE WIND SPEED    11.3


SKY COVER
  POSSIBLE SUNSHINE  MM
  AVERAGE SKY COVER 0.4


WEATHER CONDITIONS
 THE FOLLOWING WEATHER WAS RECORDED TODAY.
  NO SIGNIFICANT WEATHER WAS OBSERVED.


RELATIVE HUMIDITY (PERCENT)
 HIGHEST   100           300 AM
 LOWEST     63           200 PM
 AVERAGE    82

..........................................................


THE EUGENE OR CLIMATE NORMALS FOR TOMORROW
                         NORMAL    RECORD    YEAR
 MAXIMUM TEMPERATURE (F)   63        88      1926
 MINIMUM TEMPERATURE (F)   41        30      1948


SUNRISE AND SUNSET
APRIL 26 2018.........SUNRISE   611 AM PDT   SUNSET   811 PM PDT
APRIL 27 2018.........SUNRISE   610 AM PDT   SUNSET   812 PM PDT


-  INDICATES NEGATIVE NUMBERS.
R  INDICATES RECORD WAS SET OR TIED.
MM INDICATES DATA IS MISSING.
T  INDICATES TRACE AMOUNT.




$$
