000
CDUS42 KMHX 232126
CLIEWN


CLIMATE REPORT
NATIONAL WEATHER SERVICE NEWPORT/MOREHEAD CITY NC
525 PM EDT MON APR 23 2018


...................................

...THE NEW BERN NC CLIMATE SUMMARY FOR APRIL 23 2018...
VALID TODAY AS OF 0500 PM LOCAL TIME.

CLIMATE NORMAL PERIOD 1981 TO 2010
CLIMATE RECORD PERIOD 1948 TO 2018


WEATHER ITEM   OBSERVED TIME   RECORD YEAR NORMAL DEPARTURE LAST
                VALUE   (LST)  VALUE       VALUE  FROM      YEAR
                                                  NORMAL
..................................................................
TEMPERATURE (F)
 TODAY
  MAXIMUM         69   1033 AM  92    1980  75     -6       61
  MINIMUM         53    153 AM  38    1986  52      1       56
  AVERAGE         61                        64     -3       59

PRECIPITATION (IN)
  TODAY            T             1.12 1984   0.12  -0.12     0.07
  MONTH TO DATE    2.49                      2.42   0.07     2.14
  SINCE MAR 1      6.72                      6.81  -0.09     6.17
  SINCE JAN 1     13.13                     14.49  -1.36    12.39

SNOWFALL (IN)
  TODAY            0.0
  MONTH TO DATE    0.0
  SINCE NOV 1      6.0
  SINCE JUL 1      6.0
  SNOW DEPTH       0

DEGREE DAYS
 HEATING
  TODAY            4                         4      0        6
  MONTH TO DATE  189                       131     58       54
  SINCE MAR 1    712                       500    212      465
  SINCE JUL 1   2881                      2646    235     2205

 COOLING
  TODAY            0                         2     -2        0
  MONTH TO DATE    8                        36    -28       74
  SINCE MAR 1     14                        47    -33       85
  SINCE JAN 1     56                        50      6       91
..................................................................


WIND (MPH)
  HIGHEST WIND SPEED    20   HIGHEST WIND DIRECTION     E (110)
  HIGHEST GUST SPEED    28   HIGHEST GUST DIRECTION    SE (120)
  AVERAGE WIND SPEED     8.6


SKY COVER
  POSSIBLE SUNSHINE  MM
  AVERAGE SKY COVER 0.2


WEATHER CONDITIONS
 THE FOLLOWING WEATHER WAS RECORDED TODAY.
  LIGHT RAIN


RELATIVE HUMIDITY (PERCENT)
 HIGHEST   100           600 AM
 LOWEST     53          1000 AM
 AVERAGE    77

..........................................................


THE NEW BERN NC CLIMATE NORMALS FOR TOMORROW
                         NORMAL    RECORD    YEAR
 MAXIMUM TEMPERATURE (F)   76        94      1960
 MINIMUM TEMPERATURE (F)   52        39      1963


SUNRISE AND SUNSET
APRIL 23 2018.........SUNRISE   626 AM EDT   SUNSET   747 PM EDT
APRIL 24 2018.........SUNRISE   625 AM EDT   SUNSET   748 PM EDT


-  INDICATES NEGATIVE NUMBERS.
R  INDICATES RECORD WAS SET OR TIED.
MM INDICATES DATA IS MISSING.
T  INDICATES TRACE AMOUNT.




$$
