000
CDUS42 KKEY 252040
CLIEYW


CLIMATE REPORT
NATIONAL WEATHER SERVICE KEY WEST, FL
423 PM EDT FRI MAY 25 2018


...................................

...THE KEY WEST CLIMATE SUMMARY FOR MAY 25 2018...
VALID TODAY AS OF 0400 PM LOCAL TIME.

CLIMATE NORMAL PERIOD 1981 TO 2010
CLIMATE RECORD PERIOD 1871 TO 2018


WEATHER ITEM   OBSERVED TIME   RECORD YEAR NORMAL DEPARTURE LAST
                VALUE   (LST)  VALUE       VALUE  FROM      YEAR
                                                  NORMAL
..................................................................
TEMPERATURE (F)
 TODAY
  MAXIMUM         78    259 PM  91    2008  86     -8       86
                                      1989
  MINIMUM         72   1002 AM  70    1992  77     -5       81
                                      1913
  AVERAGE         75                        82     -7       84

PRECIPITATION (IN)
  TODAY            2.64          3.34 1985   0.12   2.52     0.04
  MONTH TO DATE   12.32                      2.16  10.16     1.19
  SINCE MAR 1     14.65                      6.26   8.39     6.00
  SINCE JAN 1     15.89                      9.79   6.10     9.05

SNOWFALL (IN)
  TODAY            0.0
  MONTH TO DATE    0.0
  SINCE MAR 1      0.0
  SINCE JUL 1      0.0
  SNOW DEPTH       0

DEGREE DAYS
 HEATING
  TODAY            0                         0      0        0
  MONTH TO DATE    0                         0      0        0
  SINCE MAR 1      2                         7     -5        0
  SINCE JUL 1     44                        73    -29        5

 COOLING
  TODAY           10                        17     -7       19
  MONTH TO DATE  349                       375    -26      398
  SINCE MAR 1    983                       981      2     1092
  SINCE JAN 1   1436                      1329    107     1632
..................................................................


WIND (MPH)
  HIGHEST WIND SPEED    18   HIGHEST WIND DIRECTION    SE (130)
  HIGHEST GUST SPEED    22   HIGHEST GUST DIRECTION    SE (120)
  AVERAGE WIND SPEED     5.2


SKY COVER
  POSSIBLE SUNSHINE  MM
  AVERAGE SKY COVER 0.8


WEATHER CONDITIONS
 THE FOLLOWING WEATHER WAS RECORDED TODAY.
  HEAVY RAIN
  RAIN
  LIGHT RAIN
  FOG


RELATIVE HUMIDITY (PERCENT)
 HIGHEST   100
 LOWEST     91
 AVERAGE    96

..........................................................


THE KEY WEST CLIMATE NORMALS FOR TOMORROW
                         NORMAL    RECORD    YEAR
 MAXIMUM TEMPERATURE (F)   86        91      1989
                                             1873
 MINIMUM TEMPERATURE (F)   77        68      1992


SUNRISE AND SUNSET
MAY 25 2018...........SUNRISE   640 AM EDT   SUNSET   809 PM EDT
MAY 26 2018...........SUNRISE   639 AM EDT   SUNSET   809 PM EDT


-  INDICATES NEGATIVE NUMBERS.
R  INDICATES RECORD WAS SET OR TIED.
MM INDICATES DATA IS MISSING.
T  INDICATES TRACE AMOUNT.




$$
