000
CDUS43 KFGF 192200
CLIFAR


CLIMATE REPORT
NATIONAL WEATHER SERVICE EASTERN NORTH DAKOTA/GRAND FORKS
459 PM CDT THU APR 19 2018


...................................

...THE FARGO HECTOR INTL AP ND CLIMATE SUMMARY FOR APRIL 19 2018...
VALID TODAY AS OF 0400 PM LOCAL TIME.

CLIMATE NORMAL PERIOD 1981 TO 2010
CLIMATE RECORD PERIOD 1881 TO 2018


WEATHER ITEM   OBSERVED TIME   RECORD YEAR NORMAL DEPARTURE LAST
                VALUE   (LST)  VALUE       VALUE  FROM      YEAR
                                                  NORMAL
..................................................................
TEMPERATURE (F)
 TODAY
  MAXIMUM         56    259 PM  86    1987  58     -2       52
  MINIMUM         27    617 AM  11    1928  34     -7       31
  AVERAGE         42                        46     -4       42

PRECIPITATION (IN)
  TODAY            0.00          1.02 1970   0.04  -0.04     0.02
  MONTH TO DATE    0.33                      0.76  -0.43     0.79
  SINCE MAR 1      2.26                      2.06   0.20     1.12
  SINCE JAN 1      3.30                      3.37  -0.07     2.89

SNOWFALL (IN)
  TODAY            0.0           8.6  1970   0.1   -0.1      0.0
  MONTH TO DATE    3.8                       2.2    1.6      0.0
  SINCE MAR 1     22.8                      11.3   11.5      1.6
  SINCE JUL 1     50.0                      49.3    0.7     30.9
  SNOW DEPTH       0

DEGREE DAYS
 HEATING
  TODAY           23                        19      4       23
  MONTH TO DATE  739                       450    289      330
  SINCE MAR 1   1936                      1602    334     1420
  SINCE JUL 1   8583                      8280    303     6918

 COOLING
  TODAY            0                         0      0        0
  MONTH TO DATE    0                         0      0        0
  SINCE MAR 1      0                         0      0        0
  SINCE JAN 1      0                         0      0        0
..................................................................


WIND (MPH)
  HIGHEST WIND SPEED    12   HIGHEST WIND DIRECTION     W (290)
  HIGHEST GUST SPEED    16   HIGHEST GUST DIRECTION    NW (330)
  AVERAGE WIND SPEED     3.1


SKY COVER
  POSSIBLE SUNSHINE  MM
  AVERAGE SKY COVER 0.0


WEATHER CONDITIONS
 THE FOLLOWING WEATHER WAS RECORDED TODAY.
  NO SIGNIFICANT WEATHER WAS OBSERVED.


RELATIVE HUMIDITY (PERCENT)
 HIGHEST   100           200 AM
 LOWEST     32           200 PM
 AVERAGE    66

..........................................................


THE FARGO HECTOR INTL AP ND CLIMATE NORMALS FOR TOMORROW
                         NORMAL    RECORD    YEAR
 MAXIMUM TEMPERATURE (F)   59        94      1980
 MINIMUM TEMPERATURE (F)   35        11      1966


SUNRISE AND SUNSET
APRIL 19 2018.........SUNRISE   632 AM CDT   SUNSET   821 PM CDT
APRIL 20 2018.........SUNRISE   630 AM CDT   SUNSET   823 PM CDT


-  INDICATES NEGATIVE NUMBERS.
R  INDICATES RECORD WAS SET OR TIED.
MM INDICATES DATA IS MISSING.
T  INDICATES TRACE AMOUNT.




$$
