000
CDUS43 KDTX 240538
CLIFNT


CLIMATE REPORT
NATIONAL WEATHER SERVICE DETROIT/PONTIAC MI
138 AM EDT TUE APR 24 2018


...................................

...THE FLINT MI CLIMATE SUMMARY FOR APRIL 23 2018...

CLIMATE NORMAL PERIOD 1981 TO 2010
CLIMATE RECORD PERIOD 1921 TO 2018


WEATHER ITEM   OBSERVED TIME   RECORD YEAR NORMAL DEPARTURE LAST
                VALUE   (LST)  VALUE       VALUE  FROM      YEAR
                                                  NORMAL
..................................................................
TEMPERATURE (F)
 YESTERDAY
  MAXIMUM         72    235 PM  88    1925  61     11       69
  MINIMUM         33    443 AM  22    1986  38     -5       30
                                      1930
  AVERAGE         53                        49      4       50

PRECIPITATION (IN)
  YESTERDAY        0.00          0.90 1999   0.09  -0.09     0.00
  MONTH TO DATE    3.06                      2.22   0.84     3.95
  SINCE MAR 1      4.17                      4.13   0.04     7.16
  SINCE JAN 1     10.05                      7.24   2.81    12.71

SNOWFALL (IN)
  YESTERDAY        0.0           3.5  2005   0.0    0.0      0.0
  MONTH TO DATE    7.9                       2.1    5.8      1.5
  SINCE MAR 1     19.6                       8.6   11.0      6.9
  SINCE JUL 1     85.3                      47.2   38.1     39.4
  SNOW DEPTH       0

DEGREE DAYS
 HEATING
  YESTERDAY       12                        16     -4       15
  MONTH TO DATE  646                       460    186      337
  SINCE MAR 1   1677                      1417    260     1295
  SINCE JUL 1   6627                      6505    122     5444

 COOLING
  YESTERDAY        0                         0      0        0
  MONTH TO DATE    0                         0      0        1
  SINCE MAR 1      0                         0      0        1
  SINCE JAN 1      0                         0      0        1
..................................................................


WIND (MPH)
  HIGHEST WIND SPEED    18   HIGHEST WIND DIRECTION     S (180)
  HIGHEST GUST SPEED    23   HIGHEST GUST DIRECTION     S (170)
  AVERAGE WIND SPEED     8.3


SKY COVER
  POSSIBLE SUNSHINE  MM
  AVERAGE SKY COVER 0.0


WEATHER CONDITIONS
 THE FOLLOWING WEATHER WAS RECORDED YESTERDAY.
  NO SIGNIFICANT WEATHER WAS OBSERVED.


RELATIVE HUMIDITY (PERCENT)
 HIGHEST    67          1100 PM
 LOWEST     31           300 PM
 AVERAGE    49

..........................................................


THE FLINT MI CLIMATE NORMALS FOR TODAY
                         NORMAL    RECORD    YEAR
 MAXIMUM TEMPERATURE (F)   61        88      1925
 MINIMUM TEMPERATURE (F)   38        24      2015


SUNRISE AND SUNSET
APRIL 24 2018.........SUNRISE   639 AM EDT   SUNSET   828 PM EDT
APRIL 25 2018.........SUNRISE   637 AM EDT   SUNSET   829 PM EDT


-  INDICATES NEGATIVE NUMBERS.
R  INDICATES RECORD WAS SET OR TIED.
MM INDICATES DATA IS MISSING.
T  INDICATES TRACE AMOUNT.




$$
